{"id":7921,"date":"2024-03-26T18:56:40","date_gmt":"2024-03-26T18:56:40","guid":{"rendered":"https:\/\/www.curavitalis.nl\/webshop\/?product=exendo-magnolol-120c"},"modified":"2026-01-09T09:30:26","modified_gmt":"2026-01-09T08:30:26","slug":"exendo-magnolol-120c","status":"publish","type":"product","link":"https:\/\/www.curavitalis.nl\/webshop\/product\/exendo-magnolol-120c\/","title":{"rendered":"Exendo Magnolol"},"content":{"rendered":"<h2 data-start=\"205\" data-end=\"231\">Magnolol \u2013 120 capsules<\/h2>\n<p data-start=\"233\" data-end=\"548\">Magnolol is een kruidenpreparaat in capsulevorm met een extract van <strong data-start=\"301\" data-end=\"325\">Magnolia officinalis<\/strong> (schors). Deze exclusieve samenstelling is ontwikkeld door <strong data-start=\"385\" data-end=\"408\">Exendo\u00ae Epigenomics<\/strong> en wordt geproduceerd volgens de <strong data-start=\"442\" data-end=\"496\">Food Safety System Certification FSSC 22000-normen<\/strong>. Het product is bedoeld als <strong data-start=\"525\" data-end=\"547\">voedingssupplement<\/strong>.<\/p>\n<hr data-start=\"550\" data-end=\"553\" \/>\n<h2 data-start=\"555\" data-end=\"583\">Samenstelling per capsule<\/h2>\n<div class=\"TyagGW_tableContainer\">\n<div class=\"group TyagGW_tableWrapper flex w-fit flex-col-reverse\" tabindex=\"-1\">\n<table class=\"w-fit min-w-(--thread-content-width)\" data-start=\"585\" data-end=\"740\">\n<thead data-start=\"585\" data-end=\"634\">\n<tr data-start=\"585\" data-end=\"634\">\n<th data-start=\"585\" data-end=\"598\" data-col-size=\"sm\">Ingredi\u00ebnt<\/th>\n<th data-start=\"598\" data-end=\"623\" data-col-size=\"sm\">Extract \/ specificatie<\/th>\n<th data-start=\"623\" data-end=\"634\" data-col-size=\"sm\">Gewicht<\/th>\n<\/tr>\n<\/thead>\n<tbody data-start=\"650\" data-end=\"740\">\n<tr data-start=\"650\" data-end=\"740\">\n<td data-start=\"650\" data-end=\"686\" data-col-size=\"sm\"><strong data-start=\"652\" data-end=\"676\">Magnolia officinalis<\/strong> (schors)<\/td>\n<td data-start=\"686\" data-end=\"714\" data-col-size=\"sm\">gestandaardiseerd extract<\/td>\n<td data-start=\"714\" data-end=\"740\" data-col-size=\"sm\">60 mg (30 mg magnolol)<\/td>\n<\/tr>\n<\/tbody>\n<\/table>\n<\/div>\n<\/div>\n<hr data-start=\"742\" data-end=\"745\" \/>\n<h2 data-start=\"747\" data-end=\"762\">Ingredi\u00ebnten<\/h2>\n<p data-start=\"764\" data-end=\"877\">Magnolia officinalis (schors-extract).<br data-start=\"802\" data-end=\"805\" \/><strong data-start=\"805\" data-end=\"821\">Hulpstoffen:<\/strong> rijstmeel (vulmiddel), pullulan (plantaardige capsule).<\/p>\n<p data-start=\"879\" data-end=\"940\">Exendo\u00ae Epigenomics maakt geen gebruik van magnesiumstearaat.<\/p>\n<hr data-start=\"942\" data-end=\"945\" \/>\n<h2 data-start=\"947\" data-end=\"978\">Wat dit product onderscheidt<\/h2>\n<ul data-start=\"980\" data-end=\"1198\">\n<li data-start=\"980\" data-end=\"1036\">\n<p data-start=\"982\" data-end=\"1036\">Exclusieve samenstelling van <strong data-start=\"1011\" data-end=\"1034\">Exendo\u00ae Epigenomics<\/strong><\/p>\n<\/li>\n<li data-start=\"1037\" data-end=\"1104\">\n<p data-start=\"1039\" data-end=\"1104\">Plantaardige capsules (geschikt voor vegetari\u00ebrs en veganisten)<\/p>\n<\/li>\n<li data-start=\"1105\" data-end=\"1144\">\n<p data-start=\"1107\" data-end=\"1144\">Geproduceerd volgens <strong data-start=\"1128\" data-end=\"1142\">FSSC 22000<\/strong><\/p>\n<\/li>\n<li data-start=\"1145\" data-end=\"1198\">\n<p data-start=\"1147\" data-end=\"1198\">Zonder synthetische geur-, kleur- en smaakstoffen<\/p>\n<\/li>\n<\/ul>\n<hr data-start=\"1200\" data-end=\"1203\" \/>\n<h2 data-start=\"1205\" data-end=\"1229\">Gegarandeerd vrij van<\/h2>\n<p data-start=\"1231\" data-end=\"1400\">Soja, tarwe, gluten, lupine, pinda\u2019s, mosterd, noten, sesam, melk, ei, vis, schaaldieren of weekdieren, niet-natuurlijke conserveermiddelen en synthetische toevoegingen.<\/p>\n<hr data-start=\"1402\" data-end=\"1405\" \/>\n<h2 data-start=\"1407\" data-end=\"1429\">Gebruik en dosering<\/h2>\n<ul data-start=\"1431\" data-end=\"1585\">\n<li data-start=\"1431\" data-end=\"1487\">\n<p data-start=\"1433\" data-end=\"1487\"><strong data-start=\"1433\" data-end=\"1460\">Aanbevolen dagdosering:<\/strong> 1 tot 2 capsules per dag<\/p>\n<\/li>\n<li data-start=\"1488\" data-end=\"1549\">\n<p data-start=\"1490\" data-end=\"1549\"><strong data-start=\"1490\" data-end=\"1501\">Inname:<\/strong> bij voorkeur een half uur voor het slapengaan<\/p>\n<\/li>\n<li data-start=\"1550\" data-end=\"1585\">\n<p data-start=\"1552\" data-end=\"1585\"><strong data-start=\"1552\" data-end=\"1563\">Advies:<\/strong> start met 1 capsule<\/p>\n<\/li>\n<\/ul>\n<p data-start=\"1587\" data-end=\"1692\">Niet gebruiken bij kinderen en jongeren onder de 18 jaar.<br data-start=\"1644\" data-end=\"1647\" \/>De aanbevolen dagdosering niet overschrijden.<\/p>\n<hr data-start=\"1694\" data-end=\"1697\" \/>\n<h2 data-start=\"1699\" data-end=\"1714\">Bewaaradvies<\/h2>\n<p data-start=\"1716\" data-end=\"1809\">Droog, afgesloten en bij kamertemperatuur bewaren.<br data-start=\"1766\" data-end=\"1769\" \/>Buiten bereik van jonge kinderen houden.<\/p>\n<hr data-start=\"1811\" data-end=\"1814\" \/>\n<h2 data-start=\"1816\" data-end=\"1854\">Contra-indicaties en waarschuwingen<\/h2>\n<p data-start=\"1856\" data-end=\"2274\">Niet gebruiken tijdens zwangerschap en lactatie.<br data-start=\"1904\" data-end=\"1907\" \/>Raadpleeg een arts of apotheker bij gelijktijdig gebruik van reguliere anticoagulantia (waaronder aspirine) en hooggedoseerde natuurlijke anticoagulantia (zoals rode klaver en curcumine), met name bij vrouwen in de (peri)menopauze die hormonen en\/of hooggedoseerde fyto-oestrogenen gebruiken.<br data-start=\"2199\" data-end=\"2202\" \/>De inname dient te worden stopgezet \u00e9\u00e9n dag v\u00f3\u00f3r een operatieve ingreep.<\/p>\n<p data-start=\"2276\" data-end=\"2478\">Bij een klein percentage vrouwen in de (peri)menopauze die hormonale behandelingen of fyto-oestrogenen gebruiken, kunnen bijwerkingen optreden; om deze reden wordt gebruik in deze groep niet aanbevolen.<\/p>\n<p data-start=\"2480\" data-end=\"2719\">Magnolol kan de effecten van slaapmedicatie, kalmeringsmiddelen, anti-epileptica, alcohol en andere GABA-werkende middelen versterken. Voorzichtigheid is geboden bij diabetespati\u00ebnten, aangezien magnolol de bloedsuikerspiegel kan verlagen.<\/p>\n<p data-start=\"2721\" data-end=\"2881\">Ook andere interacties met geneesmiddelen of gezondheidsproducten zijn mogelijk. Raadpleeg bij twijfel, medicijngebruik of ziekte altijd een arts of deskundige.<\/p>\n<hr data-start=\"2883\" data-end=\"2886\" \/>\n<h2 data-start=\"2888\" data-end=\"2941\">Gezondheidsclaims* (in afwachting van goedkeuring)<\/h2>\n<p data-start=\"2943\" data-end=\"2967\"><strong data-start=\"2943\" data-end=\"2967\">Magnolia officinalis<\/strong><\/p>\n<ul data-start=\"2968\" data-end=\"3157\">\n<li data-start=\"2968\" data-end=\"3030\">\n<p data-start=\"2970\" data-end=\"3030\">Helpt bij het behoud van mobiliteit en soepele gewrichten*<\/p>\n<\/li>\n<li data-start=\"3031\" data-end=\"3097\">\n<p data-start=\"3033\" data-end=\"3097\">Draagt bij tot meer weerstand tijdens de premenstruele cyclus*<\/p>\n<\/li>\n<li data-start=\"3098\" data-end=\"3157\">\n<p data-start=\"3100\" data-end=\"3157\">Draagt bij tot het verminderen van menopauzale symptomen*<\/p>\n<\/li>\n<\/ul>\n<p data-start=\"3159\" data-end=\"3237\">* Gezondheidsclaims in afwachting van goedkeuring door de Europese Commissie.<\/p>\n<hr data-start=\"3239\" data-end=\"3242\" \/>\n<h2 data-start=\"3244\" data-end=\"3269\">Belangrijke informatie<\/h2>\n<p data-start=\"3271\" data-end=\"3429\">Dit product is een <strong data-start=\"3290\" data-end=\"3312\">voedingssupplement<\/strong>.<br data-start=\"3313\" data-end=\"3316\" \/>Een voedingssupplement is geen vervanging van een gevarieerde en evenwichtige voeding en een gezonde levensstijl.<\/p>\n<hr data-start=\"3431\" data-end=\"3434\" \/>\n<h2 data-start=\"3436\" data-end=\"3454\">Productgegevens<\/h2>\n<ul data-start=\"3456\" data-end=\"3654\">\n<li data-start=\"3456\" data-end=\"3484\">\n<p data-start=\"3458\" data-end=\"3484\"><strong data-start=\"3458\" data-end=\"3469\">Inhoud:<\/strong> 120 capsules<\/p>\n<\/li>\n<li data-start=\"3485\" data-end=\"3535\">\n<p data-start=\"3487\" data-end=\"3535\"><strong data-start=\"3487\" data-end=\"3505\">Netto gewicht:<\/strong> 31,2 g (302 mg per capsule)<\/p>\n<\/li>\n<li data-start=\"3536\" data-end=\"3567\">\n<p data-start=\"3538\" data-end=\"3567\"><strong data-start=\"3538\" data-end=\"3556\">Artikelnummer:<\/strong> L-MAGNOL<\/p>\n<\/li>\n<li data-start=\"3568\" data-end=\"3594\">\n<p data-start=\"3570\" data-end=\"3594\"><strong data-start=\"3570\" data-end=\"3578\">EAN:<\/strong> 5425031290957<\/p>\n<\/li>\n<li data-start=\"3595\" data-end=\"3625\">\n<p data-start=\"3597\" data-end=\"3625\"><strong data-start=\"3597\" data-end=\"3612\">NUT-nummer:<\/strong> PL 2061\/79<\/p>\n<\/li>\n<li data-start=\"3626\" data-end=\"3654\">\n<p data-start=\"3628\" data-end=\"3654\"><strong data-start=\"3628\" data-end=\"3643\">CNK-nummer:<\/strong> 4793-998<\/p>\n<\/li>\n<\/ul>\n<hr data-start=\"3656\" data-end=\"3659\" \/>\n<h2 data-start=\"3661\" data-end=\"3688\">Over Exendo\u00ae Epigenomics<\/h2>\n<p data-start=\"3690\" data-end=\"3919\">Exendo\u00ae Epigenomics ontwikkelt hoogwaardige formules met aandacht voor samenstelling, zuiverheid en voedselveiligheid. Binnen het assortiment staan transparante productinformatie en zorgvuldig geselecteerde ingredi\u00ebnten centraal.<\/p>\n","protected":false},"excerpt":{"rendered":"<p>Magnolol \u2013 120 capsules Magnolol is een kruidenpreparaat in capsulevorm [&hellip;]<\/p>\n","protected":false},"featured_media":20642,"comment_status":"open","ping_status":"closed","template":"","meta":[],"product_cat":[5758],"product_tag":[1020,6300,5037,1526,1057,8511,8510,3491,3532,1390],"class_list":{"0":"post-7921","1":"product","2":"type-product","3":"status-publish","4":"has-post-thumbnail","6":"product_brand-exendo-epigenomics","7":"product_cat-plantenextracten","8":"product_tag-cura-vitalis","9":"product_tag-exendo-epigenomics","10":"product_tag-fyto-therapie","11":"product_tag-gewrichten","12":"product_tag-kruidenpreparaat","13":"product_tag-magnolia-officinalis","14":"product_tag-magnolol","15":"product_tag-menopauze","16":"product_tag-menstruatie","17":"product_tag-voedingssupplement","18":"pa_plant-kruid-magnolia-officinalis","20":"first","21":"instock","22":"taxable","23":"shipping-taxable","24":"purchasable","25":"product-type-simple"},"yoast_head":"<!-- This site is optimized with the Yoast SEO plugin v25.7 - https:\/\/yoast.com\/wordpress\/plugins\/seo\/ -->\n<title>Exendo Magnolol 120c | Cura Vitalis<\/title>\n<meta name=\"description\" content=\"Magnolol is een kruidenpreparaat met Magnolia officinalis-extract. Voedingssupplement in plantaardige capsules van Exendo Epigenomics.\" \/>\n<meta name=\"robots\" content=\"index, follow, max-snippet:-1, max-image-preview:large, max-video-preview:-1\" \/>\n<link rel=\"canonical\" href=\"https:\/\/www.curavitalis.nl\/webshop\/product\/exendo-magnolol-120c\/\" \/>\n<meta property=\"og:locale\" content=\"nl_NL\" \/>\n<meta property=\"og:type\" content=\"article\" \/>\n<meta property=\"og:title\" content=\"Exendo Magnolol 120c | Cura Vitalis\" \/>\n<meta property=\"og:description\" content=\"Magnolol is een kruidenpreparaat met Magnolia officinalis-extract. Voedingssupplement in plantaardige capsules van Exendo Epigenomics.\" \/>\n<meta property=\"og:url\" content=\"https:\/\/www.curavitalis.nl\/webshop\/product\/exendo-magnolol-120c\/\" \/>\n<meta property=\"og:site_name\" content=\"Cura Vitalis\" \/>\n<meta property=\"article:publisher\" content=\"https:\/\/www.facebook.com\/curavitalisnl\" \/>\n<meta property=\"article:modified_time\" content=\"2026-01-09T08:30:26+00:00\" \/>\n<meta property=\"og:image\" content=\"https:\/\/www.curavitalis.nl\/webshop\/wp-content\/uploads\/2024\/03\/Exendo-Magnolol-front-cura-vitalis.jpg\" \/>\n\t<meta property=\"og:image:width\" content=\"1080\" \/>\n\t<meta property=\"og:image:height\" content=\"1080\" \/>\n\t<meta property=\"og:image:type\" content=\"image\/jpeg\" \/>\n<meta name=\"twitter:card\" content=\"summary_large_image\" \/>\n<meta name=\"twitter:label1\" content=\"Geschatte leestijd\" \/>\n\t<meta name=\"twitter:data1\" content=\"3 minuten\" \/>\n<script type=\"application\/ld+json\" class=\"yoast-schema-graph\">{\"@context\":\"https:\/\/schema.org\",\"@graph\":[{\"@type\":\"WebPage\",\"@id\":\"https:\/\/www.curavitalis.nl\/webshop\/product\/exendo-magnolol-120c\/\",\"url\":\"https:\/\/www.curavitalis.nl\/webshop\/product\/exendo-magnolol-120c\/\",\"name\":\"Exendo Magnolol 120c | Cura Vitalis\",\"isPartOf\":{\"@id\":\"https:\/\/www.curavitalis.nl\/webshop\/#website\"},\"primaryImageOfPage\":{\"@id\":\"https:\/\/www.curavitalis.nl\/webshop\/product\/exendo-magnolol-120c\/#primaryimage\"},\"image\":{\"@id\":\"https:\/\/www.curavitalis.nl\/webshop\/product\/exendo-magnolol-120c\/#primaryimage\"},\"thumbnailUrl\":\"https:\/\/www.curavitalis.nl\/webshop\/wp-content\/uploads\/2024\/03\/Exendo-Magnolol-front-cura-vitalis.jpg\",\"datePublished\":\"2024-03-26T18:56:40+00:00\",\"dateModified\":\"2026-01-09T08:30:26+00:00\",\"description\":\"Magnolol is een kruidenpreparaat met Magnolia officinalis-extract. Voedingssupplement in plantaardige capsules van Exendo Epigenomics.\",\"breadcrumb\":{\"@id\":\"https:\/\/www.curavitalis.nl\/webshop\/product\/exendo-magnolol-120c\/#breadcrumb\"},\"inLanguage\":\"nl-NL\",\"potentialAction\":[{\"@type\":\"ReadAction\",\"target\":[\"https:\/\/www.curavitalis.nl\/webshop\/product\/exendo-magnolol-120c\/\"]}]},{\"@type\":\"ImageObject\",\"inLanguage\":\"nl-NL\",\"@id\":\"https:\/\/www.curavitalis.nl\/webshop\/product\/exendo-magnolol-120c\/#primaryimage\",\"url\":\"https:\/\/www.curavitalis.nl\/webshop\/wp-content\/uploads\/2024\/03\/Exendo-Magnolol-front-cura-vitalis.jpg\",\"contentUrl\":\"https:\/\/www.curavitalis.nl\/webshop\/wp-content\/uploads\/2024\/03\/Exendo-Magnolol-front-cura-vitalis.jpg\",\"width\":1080,\"height\":1080,\"caption\":\"Magnolol capsules kruidenpreparaat van Exendo Epigenomics\"},{\"@type\":\"BreadcrumbList\",\"@id\":\"https:\/\/www.curavitalis.nl\/webshop\/product\/exendo-magnolol-120c\/#breadcrumb\",\"itemListElement\":[{\"@type\":\"ListItem\",\"position\":1,\"name\":\"Home\",\"item\":\"https:\/\/www.curavitalis.nl\/webshop\/\"},{\"@type\":\"ListItem\",\"position\":2,\"name\":\"Webshop\",\"item\":\"https:\/\/www.curavitalis.nl\/webshop\/webshop\/\"},{\"@type\":\"ListItem\",\"position\":3,\"name\":\"Exendo Magnolol\"}]},{\"@type\":\"WebSite\",\"@id\":\"https:\/\/www.curavitalis.nl\/webshop\/#website\",\"url\":\"https:\/\/www.curavitalis.nl\/webshop\/\",\"name\":\"Cura Vitalis\",\"description\":\"Webshop\",\"publisher\":{\"@id\":\"https:\/\/www.curavitalis.nl\/webshop\/#organization\"},\"potentialAction\":[{\"@type\":\"SearchAction\",\"target\":{\"@type\":\"EntryPoint\",\"urlTemplate\":\"https:\/\/www.curavitalis.nl\/webshop\/?s={search_term_string}\"},\"query-input\":{\"@type\":\"PropertyValueSpecification\",\"valueRequired\":true,\"valueName\":\"search_term_string\"}}],\"inLanguage\":\"nl-NL\"},{\"@type\":\"Organization\",\"@id\":\"https:\/\/www.curavitalis.nl\/webshop\/#organization\",\"name\":\"Cura Vitalis\",\"url\":\"https:\/\/www.curavitalis.nl\/webshop\/\",\"logo\":{\"@type\":\"ImageObject\",\"inLanguage\":\"nl-NL\",\"@id\":\"https:\/\/www.curavitalis.nl\/webshop\/#\/schema\/logo\/image\/\",\"url\":\"https:\/\/www.curavitalis.nl\/webshop\/wp-content\/uploads\/2024\/10\/logo-curavitalis-small.png\",\"contentUrl\":\"https:\/\/www.curavitalis.nl\/webshop\/wp-content\/uploads\/2024\/10\/logo-curavitalis-small.png\",\"width\":350,\"height\":158,\"caption\":\"Cura Vitalis\"},\"image\":{\"@id\":\"https:\/\/www.curavitalis.nl\/webshop\/#\/schema\/logo\/image\/\"},\"sameAs\":[\"https:\/\/www.facebook.com\/curavitalisnl\"]}]}<\/script>\n<!-- \/ Yoast SEO plugin. -->","yoast_head_json":{"title":"Exendo Magnolol 120c | Cura Vitalis","description":"Magnolol is een kruidenpreparaat met Magnolia officinalis-extract. Voedingssupplement in plantaardige capsules van Exendo Epigenomics.","robots":{"index":"index","follow":"follow","max-snippet":"max-snippet:-1","max-image-preview":"max-image-preview:large","max-video-preview":"max-video-preview:-1"},"canonical":"https:\/\/www.curavitalis.nl\/webshop\/product\/exendo-magnolol-120c\/","og_locale":"nl_NL","og_type":"article","og_title":"Exendo Magnolol 120c | Cura Vitalis","og_description":"Magnolol is een kruidenpreparaat met Magnolia officinalis-extract. Voedingssupplement in plantaardige capsules van Exendo Epigenomics.","og_url":"https:\/\/www.curavitalis.nl\/webshop\/product\/exendo-magnolol-120c\/","og_site_name":"Cura Vitalis","article_publisher":"https:\/\/www.facebook.com\/curavitalisnl","article_modified_time":"2026-01-09T08:30:26+00:00","og_image":[{"width":1080,"height":1080,"url":"https:\/\/www.curavitalis.nl\/webshop\/wp-content\/uploads\/2024\/03\/Exendo-Magnolol-front-cura-vitalis.jpg","type":"image\/jpeg"}],"twitter_card":"summary_large_image","twitter_misc":{"Geschatte leestijd":"3 minuten"},"schema":{"@context":"https:\/\/schema.org","@graph":[{"@type":"WebPage","@id":"https:\/\/www.curavitalis.nl\/webshop\/product\/exendo-magnolol-120c\/","url":"https:\/\/www.curavitalis.nl\/webshop\/product\/exendo-magnolol-120c\/","name":"Exendo Magnolol 120c | Cura Vitalis","isPartOf":{"@id":"https:\/\/www.curavitalis.nl\/webshop\/#website"},"primaryImageOfPage":{"@id":"https:\/\/www.curavitalis.nl\/webshop\/product\/exendo-magnolol-120c\/#primaryimage"},"image":{"@id":"https:\/\/www.curavitalis.nl\/webshop\/product\/exendo-magnolol-120c\/#primaryimage"},"thumbnailUrl":"https:\/\/www.curavitalis.nl\/webshop\/wp-content\/uploads\/2024\/03\/Exendo-Magnolol-front-cura-vitalis.jpg","datePublished":"2024-03-26T18:56:40+00:00","dateModified":"2026-01-09T08:30:26+00:00","description":"Magnolol is een kruidenpreparaat met Magnolia officinalis-extract. Voedingssupplement in plantaardige capsules van Exendo Epigenomics.","breadcrumb":{"@id":"https:\/\/www.curavitalis.nl\/webshop\/product\/exendo-magnolol-120c\/#breadcrumb"},"inLanguage":"nl-NL","potentialAction":[{"@type":"ReadAction","target":["https:\/\/www.curavitalis.nl\/webshop\/product\/exendo-magnolol-120c\/"]}]},{"@type":"ImageObject","inLanguage":"nl-NL","@id":"https:\/\/www.curavitalis.nl\/webshop\/product\/exendo-magnolol-120c\/#primaryimage","url":"https:\/\/www.curavitalis.nl\/webshop\/wp-content\/uploads\/2024\/03\/Exendo-Magnolol-front-cura-vitalis.jpg","contentUrl":"https:\/\/www.curavitalis.nl\/webshop\/wp-content\/uploads\/2024\/03\/Exendo-Magnolol-front-cura-vitalis.jpg","width":1080,"height":1080,"caption":"Magnolol capsules kruidenpreparaat van Exendo Epigenomics"},{"@type":"BreadcrumbList","@id":"https:\/\/www.curavitalis.nl\/webshop\/product\/exendo-magnolol-120c\/#breadcrumb","itemListElement":[{"@type":"ListItem","position":1,"name":"Home","item":"https:\/\/www.curavitalis.nl\/webshop\/"},{"@type":"ListItem","position":2,"name":"Webshop","item":"https:\/\/www.curavitalis.nl\/webshop\/webshop\/"},{"@type":"ListItem","position":3,"name":"Exendo Magnolol"}]},{"@type":"WebSite","@id":"https:\/\/www.curavitalis.nl\/webshop\/#website","url":"https:\/\/www.curavitalis.nl\/webshop\/","name":"Cura Vitalis","description":"Webshop","publisher":{"@id":"https:\/\/www.curavitalis.nl\/webshop\/#organization"},"potentialAction":[{"@type":"SearchAction","target":{"@type":"EntryPoint","urlTemplate":"https:\/\/www.curavitalis.nl\/webshop\/?s={search_term_string}"},"query-input":{"@type":"PropertyValueSpecification","valueRequired":true,"valueName":"search_term_string"}}],"inLanguage":"nl-NL"},{"@type":"Organization","@id":"https:\/\/www.curavitalis.nl\/webshop\/#organization","name":"Cura Vitalis","url":"https:\/\/www.curavitalis.nl\/webshop\/","logo":{"@type":"ImageObject","inLanguage":"nl-NL","@id":"https:\/\/www.curavitalis.nl\/webshop\/#\/schema\/logo\/image\/","url":"https:\/\/www.curavitalis.nl\/webshop\/wp-content\/uploads\/2024\/10\/logo-curavitalis-small.png","contentUrl":"https:\/\/www.curavitalis.nl\/webshop\/wp-content\/uploads\/2024\/10\/logo-curavitalis-small.png","width":350,"height":158,"caption":"Cura Vitalis"},"image":{"@id":"https:\/\/www.curavitalis.nl\/webshop\/#\/schema\/logo\/image\/"},"sameAs":["https:\/\/www.facebook.com\/curavitalisnl"]}]}},"_links":{"self":[{"href":"https:\/\/www.curavitalis.nl\/webshop\/wp-json\/wp\/v2\/product\/7921","targetHints":{"allow":["GET"]}}],"collection":[{"href":"https:\/\/www.curavitalis.nl\/webshop\/wp-json\/wp\/v2\/product"}],"about":[{"href":"https:\/\/www.curavitalis.nl\/webshop\/wp-json\/wp\/v2\/types\/product"}],"replies":[{"embeddable":true,"href":"https:\/\/www.curavitalis.nl\/webshop\/wp-json\/wp\/v2\/comments?post=7921"}],"wp:featuredmedia":[{"embeddable":true,"href":"https:\/\/www.curavitalis.nl\/webshop\/wp-json\/wp\/v2\/media\/20642"}],"wp:attachment":[{"href":"https:\/\/www.curavitalis.nl\/webshop\/wp-json\/wp\/v2\/media?parent=7921"}],"wp:term":[{"taxonomy":"product_cat","embeddable":true,"href":"https:\/\/www.curavitalis.nl\/webshop\/wp-json\/wp\/v2\/product_cat?post=7921"},{"taxonomy":"product_tag","embeddable":true,"href":"https:\/\/www.curavitalis.nl\/webshop\/wp-json\/wp\/v2\/product_tag?post=7921"}],"curies":[{"name":"wp","href":"https:\/\/api.w.org\/{rel}","templated":true}]}}