{"id":7568,"date":"2023-03-05T10:40:32","date_gmt":"2023-03-05T10:40:32","guid":{"rendered":"https:\/\/www.curavitalis.nl\/webshop\/?product=jaspis-dalmatier-edelsteen-armband"},"modified":"2025-03-01T22:51:21","modified_gmt":"2025-03-01T22:51:21","slug":"jaspis-dalmatier-edelsteen-armband","status":"publish","type":"product","link":"https:\/\/www.curavitalis.nl\/webshop\/product\/jaspis-dalmatier-edelsteen-armband\/","title":{"rendered":"Jaspis Dalmati\u00ebr edelsteen armband"},"content":{"rendered":"<h1><span style=\"font-weight: bold;\">Jaspis Dalmati\u00ebr edelsteen armband<\/span><\/h1>\n<p style=\"margin-bottom: 0px; font-stretch: normal; font-size: 13px; line-height: normal; font-family: &quot;Helvetica Neue&quot;;\"><\/p>\n<blockquote><p>Schenkt kracht bij zwangerschap en bevalling<\/p><\/blockquote>\n<p style=\"margin-bottom: 0px; font-stretch: normal; font-size: 13px; line-height: normal; font-family: &quot;Helvetica Neue&quot;;\">Deze edelsteen armband is gemaakt van zwarte en witte\/ beige\/ bruin splitsteentjes, die de kenmerkende vlekken van de Dalmati\u00ebr-hond nabootsen.<\/p>\n<p style=\"margin-bottom: 0px; font-stretch: normal; font-size: 13px; line-height: normal; font-family: &quot;Helvetica Neue&quot;;\"><\/p>\n<p style=\"margin-bottom: 0px; font-stretch: normal; font-size: 13px; line-height: normal; font-family: &quot;Helvetica Neue&quot;;\">Dalmati\u00ebr edelsteen wordt geassocieerd met energie, kracht en bescherming en wordt vaak gebruikt als een talisman om negativiteit af te weren.<\/p>\n<p style=\"margin-bottom: 0px; font-stretch: normal; font-size: 13px; line-height: normal; font-family: &quot;Helvetica Neue&quot;;\"><\/p>\n<p style=\"margin-bottom: 0px; font-stretch: normal; font-size: 13px; line-height: normal; font-family: &quot;Helvetica Neue&quot;;\">Het dragen van een Dalmati\u00ebr edelsteen armband kan helpen bij het balanceren van emoties en het bevorderen van fysieke en emotionele welzijn.<\/p>\n<p style=\"margin-bottom: 0px; font-stretch: normal; font-size: 13px; line-height: normal; font-family: &quot;Helvetica Neue&quot;;\"><\/p>\n<p style=\"margin-bottom: 0px; font-stretch: normal; font-size: 13px; line-height: normal; font-family: &quot;Helvetica Neue&quot;;\">De Dalmati\u00ebr edelsteen armband kan worden gedragen als een opvallend en modieus accessoire bij verschillende outfits, van casual tot meer formele gelegenheden.<\/p>\n<p style=\"margin-bottom: 0px; font-stretch: normal; font-size: 13px; line-height: normal; font-family: &quot;Helvetica Neue&quot;;\"><\/p>\n<p style=\"margin-bottom: 0px; font-stretch: normal; font-size: 13px; line-height: normal; font-family: &quot;Helvetica Neue&quot;;\">Omdat elke Dalmati\u00ebr edelsteen armband met de hand wordt gemaakt, kan de exacte kleur en grootte van de kralen enigszins vari\u00ebren, waardoor elke armband uniek is.<\/p>\n<p style=\"margin-bottom: 0px; font-stretch: normal; font-size: 13px; line-height: normal; font-family: &quot;Helvetica Neue&quot;;\"><\/p>\n<p style=\"margin-bottom: 0px; font-stretch: normal; font-size: 13px; line-height: normal; font-family: &quot;Helvetica Neue&quot;;\"><span style=\"font-weight: bold;\">Disclaimer:<\/span> Het is belangrijk om op te merken dat hoewel Jaspis Dalmati\u00ebr bekend staat om zijn genezende eigenschappen, het geen vervanging is voor medische behandeling en altijd een gekwalificeerde zorgverlener moet raadplegen bij lichamelijke of emotionele klachten.<\/p>\n<p style=\"margin-bottom: 0px; font-stretch: normal; font-size: 13px; line-height: normal; font-family: &quot;Helvetica Neue&quot;;\"><\/p>\n<p style=\"margin-bottom: 0px; font-stretch: normal; font-size: 13px; line-height: normal; font-family: &quot;Helvetica Neue&quot;;\"><\/p>\n<p style=\"margin-bottom: 0px; font-stretch: normal; font-size: 13px; line-height: normal; font-family: &quot;Helvetica Neue&quot;;\">Armband geschikt voor gemiddelde pols.<\/p>\n","protected":false},"excerpt":{"rendered":"<p>Jaspis Dalmati\u00ebr edelsteen armband Schenkt kracht bij zwangerschap en bevalling [&hellip;]<\/p>\n","protected":false},"featured_media":7569,"comment_status":"open","ping_status":"closed","template":"","meta":[],"product_cat":[1004],"product_tag":[2623,4752,1275,1248,2620,1211],"class_list":{"0":"post-7568","1":"product","2":"type-product","3":"status-publish","4":"has-post-thumbnail","6":"product_cat-edelstenen-mineralen","7":"product_tag-armband","8":"product_tag-dalmatier","9":"product_tag-edelsteen","10":"product_tag-edelstenen","11":"product_tag-jaspis","12":"product_tag-mineralen","14":"first","15":"instock","16":"taxable","17":"shipping-taxable","18":"purchasable","19":"product-type-simple"},"yoast_head":"<!-- This site is optimized with the Yoast SEO plugin v25.7 - https:\/\/yoast.com\/wordpress\/plugins\/seo\/ -->\n<title>Jaspis Dalmati\u00ebr edelsteen armband<\/title>\n<meta name=\"description\" content=\"Jaspis Dalmati\u00ebr edelsteen armband - splitarmband met kaart (). Jaspis Dalmati\u00ebr edelsteen armband Schenkt kracht bij zwangerschap en bevalling Deze edelsteen armband is gemaakt van zwarte en witte\/ beige\/ bruin splitsteentjes, die de kenmerkende vlekken\" \/>\n<meta name=\"robots\" content=\"index, follow, max-snippet:-1, max-image-preview:large, max-video-preview:-1\" \/>\n<link rel=\"canonical\" href=\"https:\/\/www.curavitalis.nl\/webshop\/product\/jaspis-dalmatier-edelsteen-armband\/\" \/>\n<meta property=\"og:locale\" content=\"nl_NL\" \/>\n<meta property=\"og:type\" content=\"article\" \/>\n<meta property=\"og:title\" content=\"Jaspis Dalmati\u00ebr edelsteen armband\" \/>\n<meta property=\"og:description\" content=\"Jaspis Dalmati\u00ebr edelsteen armband - splitarmband met kaart (). Jaspis Dalmati\u00ebr edelsteen armband Schenkt kracht bij zwangerschap en bevalling Deze edelsteen armband is gemaakt van zwarte en witte\/ beige\/ bruin splitsteentjes, die de kenmerkende vlekken\" \/>\n<meta property=\"og:url\" content=\"https:\/\/www.curavitalis.nl\/webshop\/product\/jaspis-dalmatier-edelsteen-armband\/\" \/>\n<meta property=\"og:site_name\" content=\"Cura Vitalis\" \/>\n<meta property=\"article:publisher\" content=\"https:\/\/www.facebook.com\/curavitalisnl\" \/>\n<meta property=\"article:modified_time\" content=\"2025-03-01T22:51:21+00:00\" \/>\n<meta property=\"og:image\" content=\"https:\/\/www.curavitalis.nl\/webshop\/wp-content\/uploads\/nc\/catalog\/producten\/Edelstenen\/armbanden\/Dalmatier-armband-edelsteen-cura-vitalis.jpg\" \/>\n\t<meta property=\"og:image:width\" content=\"710\" \/>\n\t<meta property=\"og:image:height\" content=\"600\" \/>\n\t<meta property=\"og:image:type\" content=\"image\/jpeg\" \/>\n<meta name=\"twitter:card\" content=\"summary_large_image\" \/>\n<meta name=\"twitter:label1\" content=\"Geschatte leestijd\" \/>\n\t<meta name=\"twitter:data1\" content=\"1 minuut\" \/>\n<script type=\"application\/ld+json\" class=\"yoast-schema-graph\">{\"@context\":\"https:\/\/schema.org\",\"@graph\":[{\"@type\":\"WebPage\",\"@id\":\"https:\/\/www.curavitalis.nl\/webshop\/product\/jaspis-dalmatier-edelsteen-armband\/\",\"url\":\"https:\/\/www.curavitalis.nl\/webshop\/product\/jaspis-dalmatier-edelsteen-armband\/\",\"name\":\"Jaspis Dalmati\u00ebr edelsteen armband\",\"isPartOf\":{\"@id\":\"https:\/\/www.curavitalis.nl\/webshop\/#website\"},\"primaryImageOfPage\":{\"@id\":\"https:\/\/www.curavitalis.nl\/webshop\/product\/jaspis-dalmatier-edelsteen-armband\/#primaryimage\"},\"image\":{\"@id\":\"https:\/\/www.curavitalis.nl\/webshop\/product\/jaspis-dalmatier-edelsteen-armband\/#primaryimage\"},\"thumbnailUrl\":\"https:\/\/www.curavitalis.nl\/webshop\/wp-content\/uploads\/nc\/catalog\/producten\/Edelstenen\/armbanden\/Dalmatier-armband-edelsteen-cura-vitalis.jpg\",\"datePublished\":\"2023-03-05T10:40:32+00:00\",\"dateModified\":\"2025-03-01T22:51:21+00:00\",\"description\":\"Jaspis Dalmati\u00ebr edelsteen armband - splitarmband met kaart (). Jaspis Dalmati\u00ebr edelsteen armband Schenkt kracht bij zwangerschap en bevalling Deze edelsteen armband is gemaakt van zwarte en witte\/ beige\/ bruin splitsteentjes, die de kenmerkende vlekken\",\"breadcrumb\":{\"@id\":\"https:\/\/www.curavitalis.nl\/webshop\/product\/jaspis-dalmatier-edelsteen-armband\/#breadcrumb\"},\"inLanguage\":\"nl-NL\",\"potentialAction\":[{\"@type\":\"ReadAction\",\"target\":[\"https:\/\/www.curavitalis.nl\/webshop\/product\/jaspis-dalmatier-edelsteen-armband\/\"]}]},{\"@type\":\"ImageObject\",\"inLanguage\":\"nl-NL\",\"@id\":\"https:\/\/www.curavitalis.nl\/webshop\/product\/jaspis-dalmatier-edelsteen-armband\/#primaryimage\",\"url\":\"https:\/\/www.curavitalis.nl\/webshop\/wp-content\/uploads\/nc\/catalog\/producten\/Edelstenen\/armbanden\/Dalmatier-armband-edelsteen-cura-vitalis.jpg\",\"contentUrl\":\"https:\/\/www.curavitalis.nl\/webshop\/wp-content\/uploads\/nc\/catalog\/producten\/Edelstenen\/armbanden\/Dalmatier-armband-edelsteen-cura-vitalis.jpg\",\"width\":710,\"height\":600,\"caption\":\"Jaspis Dalmati\u00ebr edelsteen armband\"},{\"@type\":\"BreadcrumbList\",\"@id\":\"https:\/\/www.curavitalis.nl\/webshop\/product\/jaspis-dalmatier-edelsteen-armband\/#breadcrumb\",\"itemListElement\":[{\"@type\":\"ListItem\",\"position\":1,\"name\":\"Home\",\"item\":\"https:\/\/www.curavitalis.nl\/webshop\/\"},{\"@type\":\"ListItem\",\"position\":2,\"name\":\"Webshop\",\"item\":\"https:\/\/www.curavitalis.nl\/webshop\/webshop\/\"},{\"@type\":\"ListItem\",\"position\":3,\"name\":\"Jaspis Dalmati\u00ebr edelsteen armband\"}]},{\"@type\":\"WebSite\",\"@id\":\"https:\/\/www.curavitalis.nl\/webshop\/#website\",\"url\":\"https:\/\/www.curavitalis.nl\/webshop\/\",\"name\":\"Cura Vitalis\",\"description\":\"Webshop\",\"publisher\":{\"@id\":\"https:\/\/www.curavitalis.nl\/webshop\/#organization\"},\"potentialAction\":[{\"@type\":\"SearchAction\",\"target\":{\"@type\":\"EntryPoint\",\"urlTemplate\":\"https:\/\/www.curavitalis.nl\/webshop\/?s={search_term_string}\"},\"query-input\":{\"@type\":\"PropertyValueSpecification\",\"valueRequired\":true,\"valueName\":\"search_term_string\"}}],\"inLanguage\":\"nl-NL\"},{\"@type\":\"Organization\",\"@id\":\"https:\/\/www.curavitalis.nl\/webshop\/#organization\",\"name\":\"Cura Vitalis\",\"url\":\"https:\/\/www.curavitalis.nl\/webshop\/\",\"logo\":{\"@type\":\"ImageObject\",\"inLanguage\":\"nl-NL\",\"@id\":\"https:\/\/www.curavitalis.nl\/webshop\/#\/schema\/logo\/image\/\",\"url\":\"https:\/\/www.curavitalis.nl\/webshop\/wp-content\/uploads\/2024\/10\/logo-curavitalis-small.png\",\"contentUrl\":\"https:\/\/www.curavitalis.nl\/webshop\/wp-content\/uploads\/2024\/10\/logo-curavitalis-small.png\",\"width\":350,\"height\":158,\"caption\":\"Cura Vitalis\"},\"image\":{\"@id\":\"https:\/\/www.curavitalis.nl\/webshop\/#\/schema\/logo\/image\/\"},\"sameAs\":[\"https:\/\/www.facebook.com\/curavitalisnl\"]}]}<\/script>\n<!-- \/ Yoast SEO plugin. -->","yoast_head_json":{"title":"Jaspis Dalmati\u00ebr edelsteen armband","description":"Jaspis Dalmati\u00ebr edelsteen armband - splitarmband met kaart (). Jaspis Dalmati\u00ebr edelsteen armband Schenkt kracht bij zwangerschap en bevalling Deze edelsteen armband is gemaakt van zwarte en witte\/ beige\/ bruin splitsteentjes, die de kenmerkende vlekken","robots":{"index":"index","follow":"follow","max-snippet":"max-snippet:-1","max-image-preview":"max-image-preview:large","max-video-preview":"max-video-preview:-1"},"canonical":"https:\/\/www.curavitalis.nl\/webshop\/product\/jaspis-dalmatier-edelsteen-armband\/","og_locale":"nl_NL","og_type":"article","og_title":"Jaspis Dalmati\u00ebr edelsteen armband","og_description":"Jaspis Dalmati\u00ebr edelsteen armband - splitarmband met kaart (). Jaspis Dalmati\u00ebr edelsteen armband Schenkt kracht bij zwangerschap en bevalling Deze edelsteen armband is gemaakt van zwarte en witte\/ beige\/ bruin splitsteentjes, die de kenmerkende vlekken","og_url":"https:\/\/www.curavitalis.nl\/webshop\/product\/jaspis-dalmatier-edelsteen-armband\/","og_site_name":"Cura Vitalis","article_publisher":"https:\/\/www.facebook.com\/curavitalisnl","article_modified_time":"2025-03-01T22:51:21+00:00","og_image":[{"width":710,"height":600,"url":"https:\/\/www.curavitalis.nl\/webshop\/wp-content\/uploads\/nc\/catalog\/producten\/Edelstenen\/armbanden\/Dalmatier-armband-edelsteen-cura-vitalis.jpg","type":"image\/jpeg"}],"twitter_card":"summary_large_image","twitter_misc":{"Geschatte leestijd":"1 minuut"},"schema":{"@context":"https:\/\/schema.org","@graph":[{"@type":"WebPage","@id":"https:\/\/www.curavitalis.nl\/webshop\/product\/jaspis-dalmatier-edelsteen-armband\/","url":"https:\/\/www.curavitalis.nl\/webshop\/product\/jaspis-dalmatier-edelsteen-armband\/","name":"Jaspis Dalmati\u00ebr edelsteen armband","isPartOf":{"@id":"https:\/\/www.curavitalis.nl\/webshop\/#website"},"primaryImageOfPage":{"@id":"https:\/\/www.curavitalis.nl\/webshop\/product\/jaspis-dalmatier-edelsteen-armband\/#primaryimage"},"image":{"@id":"https:\/\/www.curavitalis.nl\/webshop\/product\/jaspis-dalmatier-edelsteen-armband\/#primaryimage"},"thumbnailUrl":"https:\/\/www.curavitalis.nl\/webshop\/wp-content\/uploads\/nc\/catalog\/producten\/Edelstenen\/armbanden\/Dalmatier-armband-edelsteen-cura-vitalis.jpg","datePublished":"2023-03-05T10:40:32+00:00","dateModified":"2025-03-01T22:51:21+00:00","description":"Jaspis Dalmati\u00ebr edelsteen armband - splitarmband met kaart (). Jaspis Dalmati\u00ebr edelsteen armband Schenkt kracht bij zwangerschap en bevalling Deze edelsteen armband is gemaakt van zwarte en witte\/ beige\/ bruin splitsteentjes, die de kenmerkende vlekken","breadcrumb":{"@id":"https:\/\/www.curavitalis.nl\/webshop\/product\/jaspis-dalmatier-edelsteen-armband\/#breadcrumb"},"inLanguage":"nl-NL","potentialAction":[{"@type":"ReadAction","target":["https:\/\/www.curavitalis.nl\/webshop\/product\/jaspis-dalmatier-edelsteen-armband\/"]}]},{"@type":"ImageObject","inLanguage":"nl-NL","@id":"https:\/\/www.curavitalis.nl\/webshop\/product\/jaspis-dalmatier-edelsteen-armband\/#primaryimage","url":"https:\/\/www.curavitalis.nl\/webshop\/wp-content\/uploads\/nc\/catalog\/producten\/Edelstenen\/armbanden\/Dalmatier-armband-edelsteen-cura-vitalis.jpg","contentUrl":"https:\/\/www.curavitalis.nl\/webshop\/wp-content\/uploads\/nc\/catalog\/producten\/Edelstenen\/armbanden\/Dalmatier-armband-edelsteen-cura-vitalis.jpg","width":710,"height":600,"caption":"Jaspis Dalmati\u00ebr edelsteen armband"},{"@type":"BreadcrumbList","@id":"https:\/\/www.curavitalis.nl\/webshop\/product\/jaspis-dalmatier-edelsteen-armband\/#breadcrumb","itemListElement":[{"@type":"ListItem","position":1,"name":"Home","item":"https:\/\/www.curavitalis.nl\/webshop\/"},{"@type":"ListItem","position":2,"name":"Webshop","item":"https:\/\/www.curavitalis.nl\/webshop\/webshop\/"},{"@type":"ListItem","position":3,"name":"Jaspis Dalmati\u00ebr edelsteen armband"}]},{"@type":"WebSite","@id":"https:\/\/www.curavitalis.nl\/webshop\/#website","url":"https:\/\/www.curavitalis.nl\/webshop\/","name":"Cura Vitalis","description":"Webshop","publisher":{"@id":"https:\/\/www.curavitalis.nl\/webshop\/#organization"},"potentialAction":[{"@type":"SearchAction","target":{"@type":"EntryPoint","urlTemplate":"https:\/\/www.curavitalis.nl\/webshop\/?s={search_term_string}"},"query-input":{"@type":"PropertyValueSpecification","valueRequired":true,"valueName":"search_term_string"}}],"inLanguage":"nl-NL"},{"@type":"Organization","@id":"https:\/\/www.curavitalis.nl\/webshop\/#organization","name":"Cura Vitalis","url":"https:\/\/www.curavitalis.nl\/webshop\/","logo":{"@type":"ImageObject","inLanguage":"nl-NL","@id":"https:\/\/www.curavitalis.nl\/webshop\/#\/schema\/logo\/image\/","url":"https:\/\/www.curavitalis.nl\/webshop\/wp-content\/uploads\/2024\/10\/logo-curavitalis-small.png","contentUrl":"https:\/\/www.curavitalis.nl\/webshop\/wp-content\/uploads\/2024\/10\/logo-curavitalis-small.png","width":350,"height":158,"caption":"Cura Vitalis"},"image":{"@id":"https:\/\/www.curavitalis.nl\/webshop\/#\/schema\/logo\/image\/"},"sameAs":["https:\/\/www.facebook.com\/curavitalisnl"]}]}},"_links":{"self":[{"href":"https:\/\/www.curavitalis.nl\/webshop\/wp-json\/wp\/v2\/product\/7568","targetHints":{"allow":["GET"]}}],"collection":[{"href":"https:\/\/www.curavitalis.nl\/webshop\/wp-json\/wp\/v2\/product"}],"about":[{"href":"https:\/\/www.curavitalis.nl\/webshop\/wp-json\/wp\/v2\/types\/product"}],"replies":[{"embeddable":true,"href":"https:\/\/www.curavitalis.nl\/webshop\/wp-json\/wp\/v2\/comments?post=7568"}],"wp:featuredmedia":[{"embeddable":true,"href":"https:\/\/www.curavitalis.nl\/webshop\/wp-json\/wp\/v2\/media\/7569"}],"wp:attachment":[{"href":"https:\/\/www.curavitalis.nl\/webshop\/wp-json\/wp\/v2\/media?parent=7568"}],"wp:term":[{"taxonomy":"product_cat","embeddable":true,"href":"https:\/\/www.curavitalis.nl\/webshop\/wp-json\/wp\/v2\/product_cat?post=7568"},{"taxonomy":"product_tag","embeddable":true,"href":"https:\/\/www.curavitalis.nl\/webshop\/wp-json\/wp\/v2\/product_tag?post=7568"}],"curies":[{"name":"wp","href":"https:\/\/api.w.org\/{rel}","templated":true}]}}