{"id":6423,"date":"2021-05-22T08:22:53","date_gmt":"2021-05-22T08:22:53","guid":{"rendered":"https:\/\/www.curavitalis.nl\/webshop\/?product=neptune-krill-olie-500-mg"},"modified":"2025-04-10T05:27:50","modified_gmt":"2025-04-10T04:27:50","slug":"natures-plus-omega-krill-olie-600-mg","status":"publish","type":"product","link":"https:\/\/www.curavitalis.nl\/webshop\/product\/natures-plus-omega-krill-olie-600-mg\/","title":{"rendered":"Neptune Krill-olie 500 mg"},"content":{"rendered":"<h1>\n<p style=\"margin-bottom: 0px; font-style: normal; font-variant-caps: normal; font-stretch: normal; font-size: 13px; line-height: normal; font-family: &quot;Helvetica Neue&quot;; font-size-adjust: none; font-kerning: auto; font-variant-alternates: normal; font-variant-ligatures: normal; font-variant-numeric: normal; font-variant-east-asian: normal; font-variant-position: normal; font-feature-settings: normal; font-optical-sizing: auto; font-variation-settings: normal;\">Neptune Krill-olie 500 mg<\/p>\n<p style=\"margin-bottom: 0px; font-style: normal; font-variant-caps: normal; font-stretch: normal; font-size: 13px; line-height: normal; font-family: &quot;Helvetica Neue&quot;; font-size-adjust: none; font-kerning: auto; font-variant-alternates: normal; font-variant-ligatures: normal; font-variant-numeric: normal; font-variant-east-asian: normal; font-variant-position: normal; font-feature-settings: normal; font-optical-sizing: auto; font-variation-settings: normal;\"><\/p>\n<p style=\"margin-bottom: 0px; font-style: normal; font-variant-caps: normal; font-stretch: normal; font-size: 13px; line-height: normal; font-family: &quot;Helvetica Neue&quot;; font-size-adjust: none; font-kerning: auto; font-variant-alternates: normal; font-variant-ligatures: normal; font-variant-numeric: normal; font-variant-east-asian: normal; font-variant-position: normal; font-feature-settings: normal; font-optical-sizing: auto; font-variation-settings: normal;\">500 mg pure Neptune krill-olie, met milieuvriendelijke vangsttechniek en gepatenteerd extractieproces <br \/>\n(ontwikkeld door Neptune Technologies &amp; Bioressources Inc.) gewonnen uit Antarctische <b>krill<\/b> (Ephausia <br \/>\nsuperba): <\/p>\n<p style=\"margin-bottom: 0px; font-style: normal; font-variant-caps: normal; font-stretch: normal; font-size: 13px; line-height: normal; font-family: &quot;Helvetica Neue&quot;; font-size-adjust: none; font-kerning: auto; font-variant-alternates: normal; font-variant-ligatures: normal; font-variant-numeric: normal; font-variant-east-asian: normal; font-variant-position: normal; font-feature-settings: normal; font-optical-sizing: auto; font-variation-settings: normal;\">\nPhospholipiden, totaal&nbsp; &gt; 200 mg <br \/>\n&nbsp;&nbsp;&nbsp;&nbsp;&nbsp;&nbsp;&nbsp;&nbsp;&nbsp;&nbsp;&nbsp; Phosphatidylcholine 150 mg&nbsp;<br \/>\n&nbsp;&nbsp;&nbsp;&nbsp;&nbsp;&nbsp;&nbsp;&nbsp;&nbsp;&nbsp;&nbsp; Lysophosphatidylcholine 10 mg <br \/>\n&nbsp;&nbsp;&nbsp;&nbsp;&nbsp;&nbsp;&nbsp;&nbsp;&nbsp;&nbsp;&nbsp; Phosphatidylethanolamine 10 mg&nbsp;<br \/>\n&nbsp;&nbsp;&nbsp;&nbsp;&nbsp;&nbsp;&nbsp;&nbsp;&nbsp;&nbsp;&nbsp; Phosphatidylinositol 10 mg \n<\/p>\n<p style=\"margin-bottom: 0px; font-style: normal; font-variant-caps: normal; font-stretch: normal; font-size: 13px; line-height: normal; font-family: &quot;Helvetica Neue&quot;; font-size-adjust: none; font-kerning: auto; font-variant-alternates: normal; font-variant-ligatures: normal; font-variant-numeric: normal; font-variant-east-asian: normal; font-variant-position: normal; font-feature-settings: normal; font-optical-sizing: auto; font-variation-settings: normal;\">Omega 3 vetzuren, totaal&nbsp; &gt; 150 mg <br \/>\n&nbsp;&nbsp;&nbsp;&nbsp;&nbsp;&nbsp;&nbsp;&nbsp;&nbsp;&nbsp;&nbsp; Eicosapentaeenzuur (EPA, 20:5 n3)&nbsp;&nbsp; 75 mg&nbsp;<br \/>\n&nbsp;&nbsp;&nbsp;&nbsp;&nbsp;&nbsp;&nbsp;&nbsp;&nbsp;&nbsp;&nbsp; Docosahexaeenzuur (DHA, 22:6 n3)&nbsp; 45 mg <br \/>\n&nbsp;&nbsp;&nbsp;&nbsp;&nbsp;&nbsp;&nbsp;&nbsp;&nbsp;&nbsp;&nbsp; Docosapentaeenzuur (DPA, 22:5 n3)&nbsp;&nbsp; 3 mg&nbsp;<br \/>\nOmega 6 vetzuren, totaal 10 mg&nbsp;<br \/>\nOmega 9 vetzuren, totaal &gt; 50 mg <br \/>\nVan nature aanwezig transvetzuren &lt; 0,010 % <br \/>\nAstaxanthine 0,63 mg <br \/>\nVitamine A (all-trans retinol) 50 i.e.&nbsp; <br \/>\nBevat tevens sporen van vitamine D, vitamine E en selenium. <br \/>\nCapsulewand: <b>VIS-<\/b>gelatine.<br \/>\n&nbsp;\n<\/p>\n<p style=\"margin-bottom: 0px; font-style: normal; font-variant-caps: normal; font-stretch: normal; font-size: 13px; line-height: normal; font-family: &quot;Helvetica Neue&quot;; font-size-adjust: none; font-kerning: auto; font-variant-alternates: normal; font-variant-ligatures: normal; font-variant-numeric: normal; font-variant-east-asian: normal; font-variant-position: normal; font-feature-settings: normal; font-optical-sizing: auto; font-variation-settings: normal;\">Dit BioVitaal-product bevat krill-olie van de hoogwaardige Neptune-kwaliteit (EKO\u2122). Neptune Krill-olie wordt gewonnen uit de Antarctische Krill (Euphausia superba), een zo\u00f6plankton. Doordat deze krill onderaan de voedselketen zit, een korte levensduur van 1 \u00e0 2 jaar heeft en in schone wateren van de Antartische Oceaan leeft, is de Neptune Krill-olie van nature arm aan zware metalen, dioxines en pesticides; Neptune krill-olie wordt op de aanwezigheid van deze stoffen en op ka\u00efnezuren-anologen zoals domo\u00efnezuur getest.<\/p>\n<p style=\"margin-bottom: 0px; font-style: normal; font-variant-caps: normal; font-stretch: normal; font-size: 13px; line-height: normal; font-family: &quot;Helvetica Neue&quot;; font-size-adjust: none; font-kerning: auto; font-variant-alternates: normal; font-variant-ligatures: normal; font-variant-numeric: normal; font-variant-east-asian: normal; font-variant-position: normal; font-feature-settings: normal; font-optical-sizing: auto; font-variation-settings: normal;\"><\/p>\n<p style=\"margin-bottom: 0px; font-style: normal; font-variant-caps: normal; font-stretch: normal; font-size: 13px; line-height: normal; font-family: &quot;Helvetica Neue&quot;; font-size-adjust: none; font-kerning: auto; font-variant-alternates: normal; font-variant-ligatures: normal; font-variant-numeric: normal; font-variant-east-asian: normal; font-variant-position: normal; font-feature-settings: normal; font-optical-sizing: auto; font-variation-settings: normal;\">Neptune Krill-olie bevat omega 3-vetzuren, phospholipiden (lecithine-achtige stoffen), choline en de caroteno\u00efde astaxanthine (deze caroteno\u00efde veroorzaakt overigens ook de dieprode kleur van de capsules). Krill-olie bevat tevens sporen van selenium en de vitamines A, D en E. Krill-olie bevat ruim 15% omega 3,&nbsp;9% omega 9 en 2% omega 6 vetzuren. Krill-olie bevat overigens 15 maal meer omega 3 dan omega 6 vetzuren (15:1 ratio). De onverzadigde vetzuren zijn in krill-olie gebonden aan fosfolipiden en dat draagt bij tot hun biologische beschikbaarheid.<\/p>\n<p style=\"margin-bottom: 0px; font-style: normal; font-variant-caps: normal; font-stretch: normal; font-size: 13px; line-height: normal; font-family: &quot;Helvetica Neue&quot;; font-size-adjust: none; font-kerning: auto; font-variant-alternates: normal; font-variant-ligatures: normal; font-variant-numeric: normal; font-variant-east-asian: normal; font-variant-position: normal; font-feature-settings: normal; font-optical-sizing: auto; font-variation-settings: normal;\"><\/p>\n<p style=\"margin-bottom: 0px; font-style: normal; font-variant-caps: normal; font-stretch: normal; font-size: 13px; line-height: normal; font-family: &quot;Helvetica Neue&quot;; font-size-adjust: none; font-kerning: auto; font-variant-alternates: normal; font-variant-ligatures: normal; font-variant-numeric: normal; font-variant-east-asian: normal; font-variant-position: normal; font-feature-settings: normal; font-optical-sizing: auto; font-variation-settings: normal;\">De vooraanstaande Canadese fabrikant van onze krill-olie (Neptune Technologies &amp; Bioressources Inc.) propageert als geen ander een ecologisch verantwoorde en milieuvriendelijke vangst van krill en zet zich in voor behoud van een goede krill-stand. Een groep van 25 landen heeft de Commission for the Conservation of Antarctic Marine Living Resources (CCAMLR) opgericht. Deze CCAMLR is de offici\u00eble internationale organisatie die verantwoordelijk is voor het management en controle van de visserij op krill. De CCAMLR bewaakt de biomassa en het ecosysteem van krill en voorkomt overbevissing. Neptune Technologies &amp; Bioressources Inc. onderschrijft volledig de doelstellingen van de CCAMLR<\/p>\n<div><\/div>\n<p style=\"margin-bottom: 0px; font-style: normal; font-variant-caps: normal; font-stretch: normal; font-size: 13px; line-height: normal; font-family: &quot;Helvetica Neue&quot;; font-size-adjust: none; font-kerning: auto; font-variant-alternates: normal; font-variant-ligatures: normal; font-variant-numeric: normal; font-variant-east-asian: normal; font-variant-position: normal; font-feature-settings: normal; font-optical-sizing: auto; font-variation-settings: normal;\"><b>GEBRUIK en waarschuwingen: <br \/>\n<\/b>Dagelijks 1 \u00e0 2 capules, in te nemen bij de maaltijd. Personen met een overgevoeligheid voor <i>schaaldieren<\/i> of <br \/>\nzeevoeding kunnen dit product mogelijk niet verdragen. Personen die bloedverdunnende medicatie nemen, <br \/>\ndienen v\u00f3\u00f3r gebruik een deskundige te raadplegen. Niet gebruiken bij overgevoeligheid voor \u00e9\u00e9n van de ingredi\u00ebnten in dit product. Aanbevolen dosering niet overschrijden. Buiten bereik van kinderen bewaren. Een voedingssupplement is geen vervanging voor een evenwichtige voeding.<\/p>\n<\/h1>\n<h3><\/h3>\n","protected":false},"excerpt":{"rendered":"<p>Neptune Krill-olie 500 mg 500 mg pure Neptune krill-olie, met [&hellip;]<\/p>\n","protected":false},"featured_media":6424,"comment_status":"open","ping_status":"closed","template":"","meta":[],"product_cat":[926,1000],"product_tag":[3028,3025,3024,3027,3023,1911,1792,1793,2208,3026],"class_list":{"0":"post-6423","1":"product","2":"type-product","3":"status-publish","4":"has-post-thumbnail","6":"product_brand-verasupplements-biovitaal","7":"product_cat-omega-3","8":"product_cat-voedingssupplementen","9":"product_tag-antarctica","10":"product_tag-krill","11":"product_tag-krill-olie","12":"product_tag-krilolie","13":"product_tag-neptune","14":"product_tag-omega","15":"product_tag-omega-6","16":"product_tag-omega-9","17":"product_tag-omega-3","18":"product_tag-plankton","20":"first","21":"instock","22":"taxable","23":"shipping-taxable","24":"purchasable","25":"product-type-simple"},"yoast_head":"<!-- This site is optimized with the Yoast SEO plugin v25.7 - https:\/\/yoast.com\/wordpress\/plugins\/seo\/ -->\n<title>Neptune Krill-olie 500 mg | Cura Vitalis<\/title>\n<meta name=\"description\" content=\"Neptune Krill-olie 500 mg Omega-3. Antarctische krillolie. Levert EPA en DHA. Op voorraad bij Cura Vitalis | Online aanbieder van medicijnen.\" \/>\n<meta name=\"robots\" content=\"index, follow, max-snippet:-1, max-image-preview:large, max-video-preview:-1\" \/>\n<link rel=\"canonical\" href=\"https:\/\/www.curavitalis.nl\/webshop\/product\/natures-plus-omega-krill-olie-600-mg\/\" \/>\n<meta property=\"og:locale\" content=\"nl_NL\" \/>\n<meta property=\"og:type\" content=\"article\" \/>\n<meta property=\"og:title\" content=\"Neptune Krill-olie 500 mg | Cura Vitalis\" \/>\n<meta property=\"og:description\" content=\"Neptune Krill-olie 500 mg Omega-3. Antarctische krillolie. Levert EPA en DHA. Op voorraad bij Cura Vitalis | Online aanbieder van medicijnen.\" \/>\n<meta property=\"og:url\" content=\"https:\/\/www.curavitalis.nl\/webshop\/product\/natures-plus-omega-krill-olie-600-mg\/\" \/>\n<meta property=\"og:site_name\" content=\"Cura Vitalis\" \/>\n<meta property=\"article:publisher\" content=\"https:\/\/www.facebook.com\/curavitalisnl\" \/>\n<meta property=\"article:modified_time\" content=\"2025-04-10T04:27:50+00:00\" \/>\n<meta property=\"og:image\" content=\"https:\/\/www.curavitalis.nl\/webshop\/wp-content\/uploads\/nc\/catalog\/producten\/Biovitaal\/Neptune-Krill-olie-500-mg-cura-vitalis.jpg\" \/>\n\t<meta property=\"og:image:width\" content=\"710\" \/>\n\t<meta property=\"og:image:height\" content=\"600\" \/>\n\t<meta property=\"og:image:type\" content=\"image\/jpeg\" \/>\n<meta name=\"twitter:card\" content=\"summary_large_image\" \/>\n<meta name=\"twitter:label1\" content=\"Geschatte leestijd\" \/>\n\t<meta name=\"twitter:data1\" content=\"2 minuten\" \/>\n<script type=\"application\/ld+json\" class=\"yoast-schema-graph\">{\"@context\":\"https:\/\/schema.org\",\"@graph\":[{\"@type\":\"WebPage\",\"@id\":\"https:\/\/www.curavitalis.nl\/webshop\/product\/natures-plus-omega-krill-olie-600-mg\/\",\"url\":\"https:\/\/www.curavitalis.nl\/webshop\/product\/natures-plus-omega-krill-olie-600-mg\/\",\"name\":\"Neptune Krill-olie 500 mg | Cura Vitalis\",\"isPartOf\":{\"@id\":\"https:\/\/www.curavitalis.nl\/webshop\/#website\"},\"primaryImageOfPage\":{\"@id\":\"https:\/\/www.curavitalis.nl\/webshop\/product\/natures-plus-omega-krill-olie-600-mg\/#primaryimage\"},\"image\":{\"@id\":\"https:\/\/www.curavitalis.nl\/webshop\/product\/natures-plus-omega-krill-olie-600-mg\/#primaryimage\"},\"thumbnailUrl\":\"https:\/\/www.curavitalis.nl\/webshop\/wp-content\/uploads\/nc\/catalog\/producten\/Biovitaal\/Neptune-Krill-olie-500-mg-cura-vitalis.jpg\",\"datePublished\":\"2021-05-22T08:22:53+00:00\",\"dateModified\":\"2025-04-10T04:27:50+00:00\",\"description\":\"Neptune Krill-olie 500 mg Omega-3. Antarctische krillolie. Levert EPA en DHA. Op voorraad bij Cura Vitalis | Online aanbieder van medicijnen.\",\"breadcrumb\":{\"@id\":\"https:\/\/www.curavitalis.nl\/webshop\/product\/natures-plus-omega-krill-olie-600-mg\/#breadcrumb\"},\"inLanguage\":\"nl-NL\",\"potentialAction\":[{\"@type\":\"ReadAction\",\"target\":[\"https:\/\/www.curavitalis.nl\/webshop\/product\/natures-plus-omega-krill-olie-600-mg\/\"]}]},{\"@type\":\"ImageObject\",\"inLanguage\":\"nl-NL\",\"@id\":\"https:\/\/www.curavitalis.nl\/webshop\/product\/natures-plus-omega-krill-olie-600-mg\/#primaryimage\",\"url\":\"https:\/\/www.curavitalis.nl\/webshop\/wp-content\/uploads\/nc\/catalog\/producten\/Biovitaal\/Neptune-Krill-olie-500-mg-cura-vitalis.jpg\",\"contentUrl\":\"https:\/\/www.curavitalis.nl\/webshop\/wp-content\/uploads\/nc\/catalog\/producten\/Biovitaal\/Neptune-Krill-olie-500-mg-cura-vitalis.jpg\",\"width\":710,\"height\":600,\"caption\":\"Neptune Krill-olie 500 mg\"},{\"@type\":\"BreadcrumbList\",\"@id\":\"https:\/\/www.curavitalis.nl\/webshop\/product\/natures-plus-omega-krill-olie-600-mg\/#breadcrumb\",\"itemListElement\":[{\"@type\":\"ListItem\",\"position\":1,\"name\":\"Home\",\"item\":\"https:\/\/www.curavitalis.nl\/webshop\/\"},{\"@type\":\"ListItem\",\"position\":2,\"name\":\"Webshop\",\"item\":\"https:\/\/www.curavitalis.nl\/webshop\/webshop\/\"},{\"@type\":\"ListItem\",\"position\":3,\"name\":\"Neptune Krill-olie 500 mg\"}]},{\"@type\":\"WebSite\",\"@id\":\"https:\/\/www.curavitalis.nl\/webshop\/#website\",\"url\":\"https:\/\/www.curavitalis.nl\/webshop\/\",\"name\":\"Cura Vitalis\",\"description\":\"Webshop\",\"publisher\":{\"@id\":\"https:\/\/www.curavitalis.nl\/webshop\/#organization\"},\"potentialAction\":[{\"@type\":\"SearchAction\",\"target\":{\"@type\":\"EntryPoint\",\"urlTemplate\":\"https:\/\/www.curavitalis.nl\/webshop\/?s={search_term_string}\"},\"query-input\":{\"@type\":\"PropertyValueSpecification\",\"valueRequired\":true,\"valueName\":\"search_term_string\"}}],\"inLanguage\":\"nl-NL\"},{\"@type\":\"Organization\",\"@id\":\"https:\/\/www.curavitalis.nl\/webshop\/#organization\",\"name\":\"Cura Vitalis\",\"url\":\"https:\/\/www.curavitalis.nl\/webshop\/\",\"logo\":{\"@type\":\"ImageObject\",\"inLanguage\":\"nl-NL\",\"@id\":\"https:\/\/www.curavitalis.nl\/webshop\/#\/schema\/logo\/image\/\",\"url\":\"https:\/\/www.curavitalis.nl\/webshop\/wp-content\/uploads\/2024\/10\/logo-curavitalis-small.png\",\"contentUrl\":\"https:\/\/www.curavitalis.nl\/webshop\/wp-content\/uploads\/2024\/10\/logo-curavitalis-small.png\",\"width\":350,\"height\":158,\"caption\":\"Cura Vitalis\"},\"image\":{\"@id\":\"https:\/\/www.curavitalis.nl\/webshop\/#\/schema\/logo\/image\/\"},\"sameAs\":[\"https:\/\/www.facebook.com\/curavitalisnl\"]}]}<\/script>\n<!-- \/ Yoast SEO plugin. -->","yoast_head_json":{"title":"Neptune Krill-olie 500 mg | Cura Vitalis","description":"Neptune Krill-olie 500 mg Omega-3. Antarctische krillolie. Levert EPA en DHA. Op voorraad bij Cura Vitalis | Online aanbieder van medicijnen.","robots":{"index":"index","follow":"follow","max-snippet":"max-snippet:-1","max-image-preview":"max-image-preview:large","max-video-preview":"max-video-preview:-1"},"canonical":"https:\/\/www.curavitalis.nl\/webshop\/product\/natures-plus-omega-krill-olie-600-mg\/","og_locale":"nl_NL","og_type":"article","og_title":"Neptune Krill-olie 500 mg | Cura Vitalis","og_description":"Neptune Krill-olie 500 mg Omega-3. Antarctische krillolie. Levert EPA en DHA. Op voorraad bij Cura Vitalis | Online aanbieder van medicijnen.","og_url":"https:\/\/www.curavitalis.nl\/webshop\/product\/natures-plus-omega-krill-olie-600-mg\/","og_site_name":"Cura Vitalis","article_publisher":"https:\/\/www.facebook.com\/curavitalisnl","article_modified_time":"2025-04-10T04:27:50+00:00","og_image":[{"width":710,"height":600,"url":"https:\/\/www.curavitalis.nl\/webshop\/wp-content\/uploads\/nc\/catalog\/producten\/Biovitaal\/Neptune-Krill-olie-500-mg-cura-vitalis.jpg","type":"image\/jpeg"}],"twitter_card":"summary_large_image","twitter_misc":{"Geschatte leestijd":"2 minuten"},"schema":{"@context":"https:\/\/schema.org","@graph":[{"@type":"WebPage","@id":"https:\/\/www.curavitalis.nl\/webshop\/product\/natures-plus-omega-krill-olie-600-mg\/","url":"https:\/\/www.curavitalis.nl\/webshop\/product\/natures-plus-omega-krill-olie-600-mg\/","name":"Neptune Krill-olie 500 mg | Cura Vitalis","isPartOf":{"@id":"https:\/\/www.curavitalis.nl\/webshop\/#website"},"primaryImageOfPage":{"@id":"https:\/\/www.curavitalis.nl\/webshop\/product\/natures-plus-omega-krill-olie-600-mg\/#primaryimage"},"image":{"@id":"https:\/\/www.curavitalis.nl\/webshop\/product\/natures-plus-omega-krill-olie-600-mg\/#primaryimage"},"thumbnailUrl":"https:\/\/www.curavitalis.nl\/webshop\/wp-content\/uploads\/nc\/catalog\/producten\/Biovitaal\/Neptune-Krill-olie-500-mg-cura-vitalis.jpg","datePublished":"2021-05-22T08:22:53+00:00","dateModified":"2025-04-10T04:27:50+00:00","description":"Neptune Krill-olie 500 mg Omega-3. Antarctische krillolie. Levert EPA en DHA. Op voorraad bij Cura Vitalis | Online aanbieder van medicijnen.","breadcrumb":{"@id":"https:\/\/www.curavitalis.nl\/webshop\/product\/natures-plus-omega-krill-olie-600-mg\/#breadcrumb"},"inLanguage":"nl-NL","potentialAction":[{"@type":"ReadAction","target":["https:\/\/www.curavitalis.nl\/webshop\/product\/natures-plus-omega-krill-olie-600-mg\/"]}]},{"@type":"ImageObject","inLanguage":"nl-NL","@id":"https:\/\/www.curavitalis.nl\/webshop\/product\/natures-plus-omega-krill-olie-600-mg\/#primaryimage","url":"https:\/\/www.curavitalis.nl\/webshop\/wp-content\/uploads\/nc\/catalog\/producten\/Biovitaal\/Neptune-Krill-olie-500-mg-cura-vitalis.jpg","contentUrl":"https:\/\/www.curavitalis.nl\/webshop\/wp-content\/uploads\/nc\/catalog\/producten\/Biovitaal\/Neptune-Krill-olie-500-mg-cura-vitalis.jpg","width":710,"height":600,"caption":"Neptune Krill-olie 500 mg"},{"@type":"BreadcrumbList","@id":"https:\/\/www.curavitalis.nl\/webshop\/product\/natures-plus-omega-krill-olie-600-mg\/#breadcrumb","itemListElement":[{"@type":"ListItem","position":1,"name":"Home","item":"https:\/\/www.curavitalis.nl\/webshop\/"},{"@type":"ListItem","position":2,"name":"Webshop","item":"https:\/\/www.curavitalis.nl\/webshop\/webshop\/"},{"@type":"ListItem","position":3,"name":"Neptune Krill-olie 500 mg"}]},{"@type":"WebSite","@id":"https:\/\/www.curavitalis.nl\/webshop\/#website","url":"https:\/\/www.curavitalis.nl\/webshop\/","name":"Cura Vitalis","description":"Webshop","publisher":{"@id":"https:\/\/www.curavitalis.nl\/webshop\/#organization"},"potentialAction":[{"@type":"SearchAction","target":{"@type":"EntryPoint","urlTemplate":"https:\/\/www.curavitalis.nl\/webshop\/?s={search_term_string}"},"query-input":{"@type":"PropertyValueSpecification","valueRequired":true,"valueName":"search_term_string"}}],"inLanguage":"nl-NL"},{"@type":"Organization","@id":"https:\/\/www.curavitalis.nl\/webshop\/#organization","name":"Cura Vitalis","url":"https:\/\/www.curavitalis.nl\/webshop\/","logo":{"@type":"ImageObject","inLanguage":"nl-NL","@id":"https:\/\/www.curavitalis.nl\/webshop\/#\/schema\/logo\/image\/","url":"https:\/\/www.curavitalis.nl\/webshop\/wp-content\/uploads\/2024\/10\/logo-curavitalis-small.png","contentUrl":"https:\/\/www.curavitalis.nl\/webshop\/wp-content\/uploads\/2024\/10\/logo-curavitalis-small.png","width":350,"height":158,"caption":"Cura Vitalis"},"image":{"@id":"https:\/\/www.curavitalis.nl\/webshop\/#\/schema\/logo\/image\/"},"sameAs":["https:\/\/www.facebook.com\/curavitalisnl"]}]}},"_links":{"self":[{"href":"https:\/\/www.curavitalis.nl\/webshop\/wp-json\/wp\/v2\/product\/6423","targetHints":{"allow":["GET"]}}],"collection":[{"href":"https:\/\/www.curavitalis.nl\/webshop\/wp-json\/wp\/v2\/product"}],"about":[{"href":"https:\/\/www.curavitalis.nl\/webshop\/wp-json\/wp\/v2\/types\/product"}],"replies":[{"embeddable":true,"href":"https:\/\/www.curavitalis.nl\/webshop\/wp-json\/wp\/v2\/comments?post=6423"}],"wp:featuredmedia":[{"embeddable":true,"href":"https:\/\/www.curavitalis.nl\/webshop\/wp-json\/wp\/v2\/media\/6424"}],"wp:attachment":[{"href":"https:\/\/www.curavitalis.nl\/webshop\/wp-json\/wp\/v2\/media?parent=6423"}],"wp:term":[{"taxonomy":"product_cat","embeddable":true,"href":"https:\/\/www.curavitalis.nl\/webshop\/wp-json\/wp\/v2\/product_cat?post=6423"},{"taxonomy":"product_tag","embeddable":true,"href":"https:\/\/www.curavitalis.nl\/webshop\/wp-json\/wp\/v2\/product_tag?post=6423"}],"curies":[{"name":"wp","href":"https:\/\/api.w.org\/{rel}","templated":true}]}}