{"id":6375,"date":"2021-04-20T19:07:10","date_gmt":"2021-04-20T19:07:10","guid":{"rendered":"https:\/\/www.curavitalis.nl\/webshop\/?product=tijgeroog-powerbead-armband-large"},"modified":"2021-04-20T19:14:35","modified_gmt":"2021-04-20T19:14:35","slug":"tijgeroog-powerbead-armband-large","status":"publish","type":"product","link":"https:\/\/www.curavitalis.nl\/webshop\/product\/tijgeroog-powerbead-armband-large\/","title":{"rendered":"Tijgeroog Powerbead Armband large"},"content":{"rendered":"<p><b style=\"font-family: &quot;Helvetica Neue&quot;; font-size: 16px;\">Tijgeroog \/ Lavasteen Powerbead Armband Large<\/b><\/p>\n<p style=\"margin-bottom: 0px; font-stretch: normal; font-size: 13px; line-height: normal; font-family: &quot;Helvetica Neue&quot;;\">Tijgeroog is een beschermende en inzicht gevende steen. Hij maakt je zelfbewuster en doelgerichter. Tijgeroog helpt je om overzicht te krijgen en informatie te integreren in je bewustzijn. Zeer geschikt ook voor studiedoeleinden. Hij geeft je vertrouwen en moed en helpt je om interne conflicten op te lossen. Tijgeroog vermindert besluiteloosheid, twijfels en verlegenheid, hij beschermt je tegen allerlei angsten en fobie\u00ebn en zal helpen om geestelijke blokkades op te heffen. Tijgeroog heeft een positieve werking op de ogen, oren, hart, de hersenen, de fijne motoriek zoals hand-oogco\u00f6rdinatie, de bloedsomloop, keel, lever, maag, stoelgang, rug, heupen, knie\u00ebn, enkels, geslachtsorganen en hij verbetert de stofwisseling. Tijgeroog versterkt de concentratie en intu\u00eftie.<\/p>\n<p style=\"margin-bottom: 0px; font-stretch: normal; font-size: 13px; line-height: normal; font-family: &quot;Helvetica Neue&quot;; min-height: 15px;\"><\/p>\n<p style=\"margin-bottom: 0px; font-stretch: normal; font-size: 13px; line-height: normal; font-family: &quot;Helvetica Neue&quot;;\"><b>Disclaimer:<\/b> Het is en blijft belangrijk altijd medische hulp te gebruiken waar deze nodig is. Hoewel we in deze site essenti\u00eble informatie proberen te delen die een ieders gezondheid enorm ten goede zou kunnen komen, is het niet bedoeld om wie dan ook maar te stimuleren om medische hulp buiten te sluiten. In tegendeel! Zoek bij klachten altijd eerst hulp bij uw arts!<\/p>\n<p style=\"margin-bottom: 0px; font-stretch: normal; font-size: 13px; line-height: normal; font-family: &quot;Helvetica Neue&quot;; min-height: 15px;\"><\/p>\n<p style=\"margin-bottom: 0px; font-stretch: normal; font-size: 13px; line-height: normal; font-family: &quot;Helvetica Neue&quot;;\">Bij edelstenen\/ mineralen wordt de werkzaamheid niet klinisch getoetst, maar gebaseerd op langdurig gebruik en ervaring.<\/p>\n<p style=\"margin-bottom: 0px; font-stretch: normal; font-size: 13px; line-height: normal; font-family: &quot;Helvetica Neue&quot;; min-height: 15px;\"><\/p>\n<p style=\"margin-bottom: 0px; font-stretch: normal; font-size: 13px; line-height: normal; font-family: &quot;Helvetica Neue&quot;;\"><b>Kleur (en vorm) kan afwijken, elke edelsteen is uniek !<\/b><\/p>\n<div><b><br \/><\/b><\/div>\n","protected":false},"excerpt":{"rendered":"<p>Tijgeroog \/ Lavasteen Powerbead Armband Large Tijgeroog is een beschermende [&hellip;]<\/p>\n","protected":false},"featured_media":6376,"comment_status":"open","ping_status":"closed","template":"","meta":[],"product_cat":[1004],"product_tag":[2623,1248,2918,1211,2622,1459],"class_list":{"0":"post-6375","1":"product","2":"type-product","3":"status-publish","4":"has-post-thumbnail","6":"product_cat-edelstenen-mineralen","7":"product_tag-armband","8":"product_tag-edelstenen","9":"product_tag-large","10":"product_tag-mineralen","11":"product_tag-powerbead","12":"product_tag-tijgeroog","14":"first","15":"instock","16":"taxable","17":"shipping-taxable","18":"purchasable","19":"product-type-simple"},"yoast_head":"<!-- This site is optimized with the Yoast SEO plugin v25.7 - https:\/\/yoast.com\/wordpress\/plugins\/seo\/ -->\n<title>Tijgeroog Powerbead Armband large<\/title>\n<meta name=\"description\" content=\"Tijgeroog Powerbead Armband large - 1 armband (). Tijgeroog Powerbead Armband Large Tijgeroog is een beschermende en inzicht gevende steen.\" \/>\n<meta name=\"robots\" content=\"index, follow, max-snippet:-1, max-image-preview:large, max-video-preview:-1\" \/>\n<link rel=\"canonical\" href=\"https:\/\/www.curavitalis.nl\/webshop\/product\/tijgeroog-powerbead-armband-large\/\" \/>\n<meta property=\"og:locale\" content=\"nl_NL\" \/>\n<meta property=\"og:type\" content=\"article\" \/>\n<meta property=\"og:title\" content=\"Tijgeroog Powerbead Armband large\" \/>\n<meta property=\"og:description\" content=\"Tijgeroog Powerbead Armband large - 1 armband (). Tijgeroog Powerbead Armband Large Tijgeroog is een beschermende en inzicht gevende steen.\" \/>\n<meta property=\"og:url\" content=\"https:\/\/www.curavitalis.nl\/webshop\/product\/tijgeroog-powerbead-armband-large\/\" \/>\n<meta property=\"og:site_name\" content=\"Cura Vitalis\" \/>\n<meta property=\"article:publisher\" content=\"https:\/\/www.facebook.com\/curavitalisnl\" \/>\n<meta property=\"article:modified_time\" content=\"2021-04-20T19:14:35+00:00\" \/>\n<meta property=\"og:image\" content=\"https:\/\/www.curavitalis.nl\/webshop\/wp-content\/uploads\/nc\/catalog\/producten\/Edelstenen\/Cura-Vitalis-Tijgeroog-lavasteen-armband-large.jpg\" \/>\n\t<meta property=\"og:image:width\" content=\"710\" \/>\n\t<meta property=\"og:image:height\" content=\"600\" \/>\n\t<meta property=\"og:image:type\" content=\"image\/jpeg\" \/>\n<meta name=\"twitter:card\" content=\"summary_large_image\" \/>\n<meta name=\"twitter:label1\" content=\"Geschatte leestijd\" \/>\n\t<meta name=\"twitter:data1\" content=\"1 minuut\" \/>\n<script type=\"application\/ld+json\" class=\"yoast-schema-graph\">{\"@context\":\"https:\/\/schema.org\",\"@graph\":[{\"@type\":\"WebPage\",\"@id\":\"https:\/\/www.curavitalis.nl\/webshop\/product\/tijgeroog-powerbead-armband-large\/\",\"url\":\"https:\/\/www.curavitalis.nl\/webshop\/product\/tijgeroog-powerbead-armband-large\/\",\"name\":\"Tijgeroog Powerbead Armband large\",\"isPartOf\":{\"@id\":\"https:\/\/www.curavitalis.nl\/webshop\/#website\"},\"primaryImageOfPage\":{\"@id\":\"https:\/\/www.curavitalis.nl\/webshop\/product\/tijgeroog-powerbead-armband-large\/#primaryimage\"},\"image\":{\"@id\":\"https:\/\/www.curavitalis.nl\/webshop\/product\/tijgeroog-powerbead-armband-large\/#primaryimage\"},\"thumbnailUrl\":\"https:\/\/www.curavitalis.nl\/webshop\/wp-content\/uploads\/nc\/catalog\/producten\/Edelstenen\/Cura-Vitalis-Tijgeroog-lavasteen-armband-large.jpg\",\"datePublished\":\"2021-04-20T19:07:10+00:00\",\"dateModified\":\"2021-04-20T19:14:35+00:00\",\"description\":\"Tijgeroog Powerbead Armband large - 1 armband (). Tijgeroog Powerbead Armband Large Tijgeroog is een beschermende en inzicht gevende steen.\",\"breadcrumb\":{\"@id\":\"https:\/\/www.curavitalis.nl\/webshop\/product\/tijgeroog-powerbead-armband-large\/#breadcrumb\"},\"inLanguage\":\"nl-NL\",\"potentialAction\":[{\"@type\":\"ReadAction\",\"target\":[\"https:\/\/www.curavitalis.nl\/webshop\/product\/tijgeroog-powerbead-armband-large\/\"]}]},{\"@type\":\"ImageObject\",\"inLanguage\":\"nl-NL\",\"@id\":\"https:\/\/www.curavitalis.nl\/webshop\/product\/tijgeroog-powerbead-armband-large\/#primaryimage\",\"url\":\"https:\/\/www.curavitalis.nl\/webshop\/wp-content\/uploads\/nc\/catalog\/producten\/Edelstenen\/Cura-Vitalis-Tijgeroog-lavasteen-armband-large.jpg\",\"contentUrl\":\"https:\/\/www.curavitalis.nl\/webshop\/wp-content\/uploads\/nc\/catalog\/producten\/Edelstenen\/Cura-Vitalis-Tijgeroog-lavasteen-armband-large.jpg\",\"width\":710,\"height\":600,\"caption\":\"Tijgeroog Powerbead Armband large\"},{\"@type\":\"BreadcrumbList\",\"@id\":\"https:\/\/www.curavitalis.nl\/webshop\/product\/tijgeroog-powerbead-armband-large\/#breadcrumb\",\"itemListElement\":[{\"@type\":\"ListItem\",\"position\":1,\"name\":\"Home\",\"item\":\"https:\/\/www.curavitalis.nl\/webshop\/\"},{\"@type\":\"ListItem\",\"position\":2,\"name\":\"Webshop\",\"item\":\"https:\/\/www.curavitalis.nl\/webshop\/webshop\/\"},{\"@type\":\"ListItem\",\"position\":3,\"name\":\"Tijgeroog Powerbead Armband large\"}]},{\"@type\":\"WebSite\",\"@id\":\"https:\/\/www.curavitalis.nl\/webshop\/#website\",\"url\":\"https:\/\/www.curavitalis.nl\/webshop\/\",\"name\":\"Cura Vitalis\",\"description\":\"Webshop\",\"publisher\":{\"@id\":\"https:\/\/www.curavitalis.nl\/webshop\/#organization\"},\"potentialAction\":[{\"@type\":\"SearchAction\",\"target\":{\"@type\":\"EntryPoint\",\"urlTemplate\":\"https:\/\/www.curavitalis.nl\/webshop\/?s={search_term_string}\"},\"query-input\":{\"@type\":\"PropertyValueSpecification\",\"valueRequired\":true,\"valueName\":\"search_term_string\"}}],\"inLanguage\":\"nl-NL\"},{\"@type\":\"Organization\",\"@id\":\"https:\/\/www.curavitalis.nl\/webshop\/#organization\",\"name\":\"Cura Vitalis\",\"url\":\"https:\/\/www.curavitalis.nl\/webshop\/\",\"logo\":{\"@type\":\"ImageObject\",\"inLanguage\":\"nl-NL\",\"@id\":\"https:\/\/www.curavitalis.nl\/webshop\/#\/schema\/logo\/image\/\",\"url\":\"https:\/\/www.curavitalis.nl\/webshop\/wp-content\/uploads\/2024\/10\/logo-curavitalis-small.png\",\"contentUrl\":\"https:\/\/www.curavitalis.nl\/webshop\/wp-content\/uploads\/2024\/10\/logo-curavitalis-small.png\",\"width\":350,\"height\":158,\"caption\":\"Cura Vitalis\"},\"image\":{\"@id\":\"https:\/\/www.curavitalis.nl\/webshop\/#\/schema\/logo\/image\/\"},\"sameAs\":[\"https:\/\/www.facebook.com\/curavitalisnl\"]}]}<\/script>\n<!-- \/ Yoast SEO plugin. -->","yoast_head_json":{"title":"Tijgeroog Powerbead Armband large","description":"Tijgeroog Powerbead Armband large - 1 armband (). Tijgeroog Powerbead Armband Large Tijgeroog is een beschermende en inzicht gevende steen.","robots":{"index":"index","follow":"follow","max-snippet":"max-snippet:-1","max-image-preview":"max-image-preview:large","max-video-preview":"max-video-preview:-1"},"canonical":"https:\/\/www.curavitalis.nl\/webshop\/product\/tijgeroog-powerbead-armband-large\/","og_locale":"nl_NL","og_type":"article","og_title":"Tijgeroog Powerbead Armband large","og_description":"Tijgeroog Powerbead Armband large - 1 armband (). Tijgeroog Powerbead Armband Large Tijgeroog is een beschermende en inzicht gevende steen.","og_url":"https:\/\/www.curavitalis.nl\/webshop\/product\/tijgeroog-powerbead-armband-large\/","og_site_name":"Cura Vitalis","article_publisher":"https:\/\/www.facebook.com\/curavitalisnl","article_modified_time":"2021-04-20T19:14:35+00:00","og_image":[{"width":710,"height":600,"url":"https:\/\/www.curavitalis.nl\/webshop\/wp-content\/uploads\/nc\/catalog\/producten\/Edelstenen\/Cura-Vitalis-Tijgeroog-lavasteen-armband-large.jpg","type":"image\/jpeg"}],"twitter_card":"summary_large_image","twitter_misc":{"Geschatte leestijd":"1 minuut"},"schema":{"@context":"https:\/\/schema.org","@graph":[{"@type":"WebPage","@id":"https:\/\/www.curavitalis.nl\/webshop\/product\/tijgeroog-powerbead-armband-large\/","url":"https:\/\/www.curavitalis.nl\/webshop\/product\/tijgeroog-powerbead-armband-large\/","name":"Tijgeroog Powerbead Armband large","isPartOf":{"@id":"https:\/\/www.curavitalis.nl\/webshop\/#website"},"primaryImageOfPage":{"@id":"https:\/\/www.curavitalis.nl\/webshop\/product\/tijgeroog-powerbead-armband-large\/#primaryimage"},"image":{"@id":"https:\/\/www.curavitalis.nl\/webshop\/product\/tijgeroog-powerbead-armband-large\/#primaryimage"},"thumbnailUrl":"https:\/\/www.curavitalis.nl\/webshop\/wp-content\/uploads\/nc\/catalog\/producten\/Edelstenen\/Cura-Vitalis-Tijgeroog-lavasteen-armband-large.jpg","datePublished":"2021-04-20T19:07:10+00:00","dateModified":"2021-04-20T19:14:35+00:00","description":"Tijgeroog Powerbead Armband large - 1 armband (). Tijgeroog Powerbead Armband Large Tijgeroog is een beschermende en inzicht gevende steen.","breadcrumb":{"@id":"https:\/\/www.curavitalis.nl\/webshop\/product\/tijgeroog-powerbead-armband-large\/#breadcrumb"},"inLanguage":"nl-NL","potentialAction":[{"@type":"ReadAction","target":["https:\/\/www.curavitalis.nl\/webshop\/product\/tijgeroog-powerbead-armband-large\/"]}]},{"@type":"ImageObject","inLanguage":"nl-NL","@id":"https:\/\/www.curavitalis.nl\/webshop\/product\/tijgeroog-powerbead-armband-large\/#primaryimage","url":"https:\/\/www.curavitalis.nl\/webshop\/wp-content\/uploads\/nc\/catalog\/producten\/Edelstenen\/Cura-Vitalis-Tijgeroog-lavasteen-armband-large.jpg","contentUrl":"https:\/\/www.curavitalis.nl\/webshop\/wp-content\/uploads\/nc\/catalog\/producten\/Edelstenen\/Cura-Vitalis-Tijgeroog-lavasteen-armband-large.jpg","width":710,"height":600,"caption":"Tijgeroog Powerbead Armband large"},{"@type":"BreadcrumbList","@id":"https:\/\/www.curavitalis.nl\/webshop\/product\/tijgeroog-powerbead-armband-large\/#breadcrumb","itemListElement":[{"@type":"ListItem","position":1,"name":"Home","item":"https:\/\/www.curavitalis.nl\/webshop\/"},{"@type":"ListItem","position":2,"name":"Webshop","item":"https:\/\/www.curavitalis.nl\/webshop\/webshop\/"},{"@type":"ListItem","position":3,"name":"Tijgeroog Powerbead Armband large"}]},{"@type":"WebSite","@id":"https:\/\/www.curavitalis.nl\/webshop\/#website","url":"https:\/\/www.curavitalis.nl\/webshop\/","name":"Cura Vitalis","description":"Webshop","publisher":{"@id":"https:\/\/www.curavitalis.nl\/webshop\/#organization"},"potentialAction":[{"@type":"SearchAction","target":{"@type":"EntryPoint","urlTemplate":"https:\/\/www.curavitalis.nl\/webshop\/?s={search_term_string}"},"query-input":{"@type":"PropertyValueSpecification","valueRequired":true,"valueName":"search_term_string"}}],"inLanguage":"nl-NL"},{"@type":"Organization","@id":"https:\/\/www.curavitalis.nl\/webshop\/#organization","name":"Cura Vitalis","url":"https:\/\/www.curavitalis.nl\/webshop\/","logo":{"@type":"ImageObject","inLanguage":"nl-NL","@id":"https:\/\/www.curavitalis.nl\/webshop\/#\/schema\/logo\/image\/","url":"https:\/\/www.curavitalis.nl\/webshop\/wp-content\/uploads\/2024\/10\/logo-curavitalis-small.png","contentUrl":"https:\/\/www.curavitalis.nl\/webshop\/wp-content\/uploads\/2024\/10\/logo-curavitalis-small.png","width":350,"height":158,"caption":"Cura Vitalis"},"image":{"@id":"https:\/\/www.curavitalis.nl\/webshop\/#\/schema\/logo\/image\/"},"sameAs":["https:\/\/www.facebook.com\/curavitalisnl"]}]}},"_links":{"self":[{"href":"https:\/\/www.curavitalis.nl\/webshop\/wp-json\/wp\/v2\/product\/6375","targetHints":{"allow":["GET"]}}],"collection":[{"href":"https:\/\/www.curavitalis.nl\/webshop\/wp-json\/wp\/v2\/product"}],"about":[{"href":"https:\/\/www.curavitalis.nl\/webshop\/wp-json\/wp\/v2\/types\/product"}],"replies":[{"embeddable":true,"href":"https:\/\/www.curavitalis.nl\/webshop\/wp-json\/wp\/v2\/comments?post=6375"}],"wp:featuredmedia":[{"embeddable":true,"href":"https:\/\/www.curavitalis.nl\/webshop\/wp-json\/wp\/v2\/media\/6376"}],"wp:attachment":[{"href":"https:\/\/www.curavitalis.nl\/webshop\/wp-json\/wp\/v2\/media?parent=6375"}],"wp:term":[{"taxonomy":"product_cat","embeddable":true,"href":"https:\/\/www.curavitalis.nl\/webshop\/wp-json\/wp\/v2\/product_cat?post=6375"},{"taxonomy":"product_tag","embeddable":true,"href":"https:\/\/www.curavitalis.nl\/webshop\/wp-json\/wp\/v2\/product_tag?post=6375"}],"curies":[{"name":"wp","href":"https:\/\/api.w.org\/{rel}","templated":true}]}}