{"id":6319,"date":"2021-04-04T07:40:47","date_gmt":"2021-04-04T07:40:47","guid":{"rendered":"https:\/\/www.curavitalis.nl\/webshop\/?product=lecithine-100-softgels-plantovitamins"},"modified":"2023-12-13T21:00:26","modified_gmt":"2023-12-13T21:00:26","slug":"lecithin-100-softgels-plantovitamins","status":"publish","type":"product","link":"https:\/\/www.curavitalis.nl\/webshop\/product\/lecithin-100-softgels-plantovitamins\/","title":{"rendered":"Lecithine 100 softgels Plantovitamins"},"content":{"rendered":"<h1><b style=\"color: rgb(0, 49, 99);\">Lecithine (Phosphatidylcholine) Plantovitamins<\/b><\/h1>\n<p style=\"margin-bottom: 0px; font-stretch: normal; font-size: 13px; line-height: normal; font-family: &quot;Helvetica Neue&quot;; min-height: 15px;\"><span style=\"color: rgb(0, 49, 99);\"><br \/><\/span><\/p>\n<p style=\"margin-bottom: 0px; font-stretch: normal; font-size: 13px; line-height: normal; font-family: &quot;Helvetica Neue&quot;;\"><span style=\"color: rgb(0, 49, 99);\">Lecithine is een bron van essenti\u00eble vetten zoals choline en inositol. Het is een essenti\u00eble stof in ons lichaam en onder andere een bouwstof van de celmembramen. Via deze celmembramen passeren allerlei (voedings)stoffen de cellen in en uit. Omdat lecithine het vermogen heeft zich zowel aan water- als aan vethoudende stoffen te binden, is het essentieel voor het vetmetabolisme. Deze lecithine softgels zijn gewonnen uit GMO-vrije soja en bevatten 22% fosfatidylcholine.&nbsp;<\/span><\/p>\n<p style=\"margin-bottom: 0px; font-stretch: normal; font-size: 13px; line-height: normal; font-family: &quot;Helvetica Neue&quot;;\"><b style=\"color: rgb(0, 49, 99);\"><br \/><\/b><\/p>\n<p style=\"margin-bottom: 0px; font-stretch: normal; font-size: 13px; line-height: normal; font-family: &quot;Helvetica Neue&quot;;\"><span style=\"color: rgb(0, 49, 99);\"><b>Samenstelling \u2013 bevat per softgel:<\/b><br \/>\nSoja lecithine 22% PC 820 mg<br \/>\n(Phosphatidylcholine 180 mg)<\/span><\/p>\n<p style=\"margin-bottom: 0px; font-stretch: normal; font-size: 13px; line-height: normal; font-family: &quot;Helvetica Neue&quot;;\"><b style=\"color: rgb(0, 49, 99);\"><br \/><\/b><\/p>\n<p style=\"margin-bottom: 0px; font-stretch: normal; font-size: 13px; line-height: normal; font-family: &quot;Helvetica Neue&quot;;\"><span style=\"color: rgb(0, 49, 99);\"><b>Overige stoffen:<\/b><br \/>\nEthyl sojaolie, Gelatine, Glycerine, gezuiverd water<\/span><\/p>\n<p style=\"margin-bottom: 0px; font-stretch: normal; font-size: 13px; line-height: normal; font-family: &quot;Helvetica Neue&quot;;\"><b style=\"color: rgb(0, 49, 99);\"><br \/><\/b><\/p>\n<p style=\"margin-bottom: 0px; font-stretch: normal; font-size: 13px; line-height: normal; font-family: &quot;Helvetica Neue&quot;;\"><span style=\"color: rgb(0, 49, 99);\"><b>Allergenen informatie:<\/b> Bevat geen suiker, zout, gist, tarwe, gluten, mais, melk, ei, schelpdieren of conserveringsmiddelen<br \/>\n<b><br \/><\/b><\/span><\/p>\n<p style=\"margin-bottom: 0px; font-stretch: normal; font-size: 13px; line-height: normal; font-family: &quot;Helvetica Neue&quot;;\"><span style=\"color: rgb(0, 49, 99);\"><b>Bevat<\/b> Non-GMO soja.<\/span><\/p>\n<p style=\"margin-bottom: 0px; font-stretch: normal; font-size: 13px; line-height: normal; font-family: &quot;Helvetica Neue&quot;;\"><b style=\"color: rgb(0, 49, 99);\"><br \/><\/b><\/p>\n<p style=\"margin-bottom: 0px; font-stretch: normal; font-size: 13px; line-height: normal; font-family: &quot;Helvetica Neue&quot;;\"><span style=\"color: rgb(0, 49, 99);\"><b>Gebruik:<\/b> Tenzij anders voorgeschreven 1 \u00e0 2 keer per dag 1-3 softgels bij voorkeur tegelijk met de maaltijd.<\/span><\/p>\n<p style=\"margin-bottom: 0px; font-stretch: normal; font-size: 13px; line-height: normal; font-family: &quot;Helvetica Neue&quot;;\"><b style=\"color: rgb(0, 49, 99);\"><br \/><\/b><\/p>\n<p style=\"margin-bottom: 0px; font-stretch: normal; font-size: 13px; line-height: normal; font-family: &quot;Helvetica Neue&quot;;\"><span style=\"color: rgb(0, 49, 99);\"><b>Waarschuwing:<\/b> Natuurlijke middelen kunnen invloed hebben op sommige geneesmiddelen. Raadpleeg hiervoor een deskundige.<\/span><\/p>\n<p style=\"margin-bottom: 0px; font-stretch: normal; font-size: 13px; line-height: normal; font-family: &quot;Helvetica Neue&quot;;\"><b style=\"color: rgb(0, 49, 99);\"><br \/><\/b><\/p>\n<p style=\"margin-bottom: 0px; font-stretch: normal; font-size: 13px; line-height: normal; font-family: &quot;Helvetica Neue&quot;;\"><span style=\"color: rgb(0, 49, 99);\"><b>Bewaaradvies<\/b>: Droog en koel bewaren. Buiten bereik van kinderen bewaren.<\/span><\/p>\n<p style=\"margin-bottom: 0px; font-stretch: normal; font-size: 13px; line-height: normal; font-family: &quot;Helvetica Neue&quot;;\"><b style=\"color: rgb(0, 49, 99);\"><br \/><\/b><\/p>\n<p style=\"margin-bottom: 0px; font-stretch: normal; font-size: 13px; line-height: normal; font-family: &quot;Helvetica Neue&quot;;\"><span style=\"color: rgb(0, 49, 99);\"><b>Inhoud:<\/b> 60 softgels<\/span><\/p>\n<p style=\"margin-bottom: 0px; font-stretch: normal; font-size: 13px; line-height: normal; font-family: &quot;Helvetica Neue&quot;;\"><span style=\"color: rgb(0, 49, 99);\">&nbsp;<\/span><\/p>\n<p style=\"margin-bottom: 0px; font-stretch: normal; font-size: 13px; line-height: normal; font-family: &quot;Helvetica Neue&quot;;\"><span style=\"color: rgb(0, 49, 99);\"><b>Toegestane claims<\/b><br \/>\nCholine draagt bij tot een normaal metabolisme van homocyste\u00efne<br \/>\nCholine draagt bij tot de instandhouding van de normale leverfunctie<br \/>\nCholine draagt bij tot een normaal lipidenmetabolisme (vetmetabolisme)<br \/>\nCholie draagt bij aan het behouden van de structuur van celmembranen.<\/span><\/p>\n<p style=\"margin-bottom: 0px; font-stretch: normal; font-size: 13px; line-height: normal; font-family: &quot;Helvetica Neue&quot;;\"><span style=\"color: rgb(0, 49, 99);\">&nbsp;<\/span><\/p>\n<p style=\"margin-bottom: 0px; font-stretch: normal; font-size: 13px; line-height: normal; font-family: &quot;Helvetica Neue&quot;;\"><span style=\"color: rgb(0, 49, 99);\"><b>Achtergrondinformatie<\/b><br \/>\nLipidenmetabolisme is het proces waarbij vetzuren worden verteerd, afgebroken voor energie of opgeslagen in het menselijk lichaam voor later energiegebruik. Deze vetzuren zijn een component van triglyceriden, die het grootste deel van het vet uitmaken dat mensen eten in voedingsmiddelen zoals plantaardige oli\u00ebn en dierlijke producten.<\/p>\n<p><b>Choline<\/b> is een belangrijke stof dat lijkt op een vitamine, aminozuur of mineraal. Choline is een 2-hydroxyethyl-trimethylammoniumzout. Choline wordt deels aangemaakt in de lever. Dit is niet voldoende om in de lichamelijke behoefte te voorzien. Opname uit de voeding is daarom in veel gevallen essentieel.<\/p>\n<p><b>Weefsels<\/b><br \/>\nEen beschadigde celmembraan kan het gevolg zijn van een tekort aan choline waardoor de structuur verstoord is. Een voldoende inname van choline is dan nodig om de normale structuur te behouden.<\/p>\n<p><b>Lever<\/b><br \/>\nCholine is nodig voor het instant houden van een gezonde lipidenmetabolisme (in de lever) dat verantwoordelijk is voor een gezonde verwerking en transport van o.a. vetzuren en cholesterol. Zonder dit metabolisme zullen deze stoffen in de lever gaan ophopen.<\/p>\n<p><b>Brein<\/b><br \/>\nMetabolieten van choline dragen bij tot een gezond zenuwstelsel. Het is belangrijk bij het verzenden en verwerken van impulsen in het perifere en centrale zenuwstelsel, zodat deze op een snel en effici\u00ebnte manier kunnen plaatsvinden. Mede hierdoor speelt deze stof een belangrijke rol in het brein bij de cognitieve functies als leren, geheugen en concentratie. <\/p>\n<p><b>Hart en bloedvaten<\/b><br \/>\nHet aminozuur homocyste\u00efne wordt als tussenproduct in het lichaam aangemaakt tijdens het omzetten van S-adenosylhomocysteine, een stof afkomstig uit A-adensylmethione, in het aminozuur methionine. Als deze omzetting niet op een normale manier verwerkt wordt, kan dit leiden tot een verhoogd gehalte van homocyste\u00efne in het bloed. Dit heeft een verband met hart- en vaatziekten. Voor een normale omzetting of afbraak van homocyste\u00efne tot methionine is beta\u00efne nodig. Beta\u00efne is een stof die gevormd wordt uit Choline.<\/span><\/p>\n<p style=\"margin-bottom: 0px; font-stretch: normal; font-size: 13px; line-height: normal; font-family: &quot;Helvetica Neue&quot;;\"><span style=\"color: rgb(0, 49, 99);\">&nbsp;<\/span><\/p>\n<p style=\"margin-bottom: 0px; font-stretch: normal; font-size: 13px; line-height: normal; font-family: &quot;Helvetica Neue&quot;;\"><span style=\"color: rgb(0, 49, 99);\">Waarom is er niet meer informatie beschikbaar over dit product? Helaas mogen wij door de strenge EU-wetgeving maar beperkt informatie geven over supplementen. Alleen goedgekeurde claims die in de EU database staan, mogen vermeld worden. Resultaten uit wetenschappelijke onderzoeken die niet ter goedkeuring aan de EU zijn overlegd, mogen we daarom veelal niet delen.&nbsp;<\/span><\/p>\n","protected":false},"excerpt":{"rendered":"<p>Lecithine (Phosphatidylcholine) Plantovitamins Lecithine is een bron van essenti\u00eble vetten [&hellip;]<\/p>\n","protected":false},"featured_media":6320,"comment_status":"open","ping_status":"closed","template":"","meta":[],"product_cat":[1000],"product_tag":[1375,2028,2009,2828,1928,1927,2011,2829,2012,1150],"class_list":{"0":"post-6319","1":"product","2":"type-product","3":"status-publish","4":"has-post-thumbnail","6":"product_brand-inner-vitamins","7":"product_cat-voedingssupplementen","8":"product_tag-1375","9":"product_tag-choline","10":"product_tag-inner","11":"product_tag-lecithin","12":"product_tag-lecithine","13":"product_tag-lecitine","14":"product_tag-plantovitamins","15":"product_tag-softgels","16":"product_tag-vitamins","17":"product_tag-voedingssupplementen","19":"first","20":"instock","21":"taxable","22":"shipping-taxable","23":"purchasable","24":"product-type-simple"},"yoast_head":"<!-- This site is optimized with the Yoast SEO plugin v25.7 - https:\/\/yoast.com\/wordpress\/plugins\/seo\/ -->\n<title>Lecithine 100 softgels Plantovitamins | Cura Vitalis<\/title>\n<meta name=\"description\" content=\"Lecithine 100 softgels Plantovitamins -Een bron van essenti\u00eble vetten zoals choline en inositol. Op voorraad bij Cura Vitalis | Online verkoper van medicijnen.\" \/>\n<meta name=\"robots\" content=\"index, follow, max-snippet:-1, max-image-preview:large, max-video-preview:-1\" \/>\n<link rel=\"canonical\" href=\"https:\/\/www.curavitalis.nl\/webshop\/product\/lecithin-100-softgels-plantovitamins\/\" \/>\n<meta property=\"og:locale\" content=\"nl_NL\" \/>\n<meta property=\"og:type\" content=\"article\" \/>\n<meta property=\"og:title\" content=\"Lecithine 100 softgels Plantovitamins | Cura Vitalis\" \/>\n<meta property=\"og:description\" content=\"Lecithine 100 softgels Plantovitamins -Een bron van essenti\u00eble vetten zoals choline en inositol. Op voorraad bij Cura Vitalis | Online verkoper van medicijnen.\" \/>\n<meta property=\"og:url\" content=\"https:\/\/www.curavitalis.nl\/webshop\/product\/lecithin-100-softgels-plantovitamins\/\" \/>\n<meta property=\"og:site_name\" content=\"Cura Vitalis\" \/>\n<meta property=\"article:publisher\" content=\"https:\/\/www.facebook.com\/curavitalisnl\" \/>\n<meta property=\"article:modified_time\" content=\"2023-12-13T21:00:26+00:00\" \/>\n<meta property=\"og:image\" content=\"https:\/\/www.curavitalis.nl\/webshop\/wp-content\/uploads\/nc\/catalog\/producten\/Inner-Vitamins\/Lecithin-100-softgels-Plantovitamins-Cura-Vitalis.jpg\" \/>\n\t<meta property=\"og:image:width\" content=\"710\" \/>\n\t<meta property=\"og:image:height\" content=\"600\" \/>\n\t<meta property=\"og:image:type\" content=\"image\/jpeg\" \/>\n<meta name=\"twitter:card\" content=\"summary_large_image\" \/>\n<meta name=\"twitter:label1\" content=\"Geschatte leestijd\" \/>\n\t<meta name=\"twitter:data1\" content=\"3 minuten\" \/>\n<script type=\"application\/ld+json\" class=\"yoast-schema-graph\">{\"@context\":\"https:\/\/schema.org\",\"@graph\":[{\"@type\":\"WebPage\",\"@id\":\"https:\/\/www.curavitalis.nl\/webshop\/product\/lecithin-100-softgels-plantovitamins\/\",\"url\":\"https:\/\/www.curavitalis.nl\/webshop\/product\/lecithin-100-softgels-plantovitamins\/\",\"name\":\"Lecithine 100 softgels Plantovitamins | Cura Vitalis\",\"isPartOf\":{\"@id\":\"https:\/\/www.curavitalis.nl\/webshop\/#website\"},\"primaryImageOfPage\":{\"@id\":\"https:\/\/www.curavitalis.nl\/webshop\/product\/lecithin-100-softgels-plantovitamins\/#primaryimage\"},\"image\":{\"@id\":\"https:\/\/www.curavitalis.nl\/webshop\/product\/lecithin-100-softgels-plantovitamins\/#primaryimage\"},\"thumbnailUrl\":\"https:\/\/www.curavitalis.nl\/webshop\/wp-content\/uploads\/nc\/catalog\/producten\/Inner-Vitamins\/Lecithin-100-softgels-Plantovitamins-Cura-Vitalis.jpg\",\"datePublished\":\"2021-04-04T07:40:47+00:00\",\"dateModified\":\"2023-12-13T21:00:26+00:00\",\"description\":\"Lecithine 100 softgels Plantovitamins -Een bron van essenti\u00eble vetten zoals choline en inositol. Op voorraad bij Cura Vitalis | Online verkoper van medicijnen.\",\"breadcrumb\":{\"@id\":\"https:\/\/www.curavitalis.nl\/webshop\/product\/lecithin-100-softgels-plantovitamins\/#breadcrumb\"},\"inLanguage\":\"nl-NL\",\"potentialAction\":[{\"@type\":\"ReadAction\",\"target\":[\"https:\/\/www.curavitalis.nl\/webshop\/product\/lecithin-100-softgels-plantovitamins\/\"]}]},{\"@type\":\"ImageObject\",\"inLanguage\":\"nl-NL\",\"@id\":\"https:\/\/www.curavitalis.nl\/webshop\/product\/lecithin-100-softgels-plantovitamins\/#primaryimage\",\"url\":\"https:\/\/www.curavitalis.nl\/webshop\/wp-content\/uploads\/nc\/catalog\/producten\/Inner-Vitamins\/Lecithin-100-softgels-Plantovitamins-Cura-Vitalis.jpg\",\"contentUrl\":\"https:\/\/www.curavitalis.nl\/webshop\/wp-content\/uploads\/nc\/catalog\/producten\/Inner-Vitamins\/Lecithin-100-softgels-Plantovitamins-Cura-Vitalis.jpg\",\"width\":710,\"height\":600,\"caption\":\"Lecithine 100 softgels Plantovitamins\"},{\"@type\":\"BreadcrumbList\",\"@id\":\"https:\/\/www.curavitalis.nl\/webshop\/product\/lecithin-100-softgels-plantovitamins\/#breadcrumb\",\"itemListElement\":[{\"@type\":\"ListItem\",\"position\":1,\"name\":\"Home\",\"item\":\"https:\/\/www.curavitalis.nl\/webshop\/\"},{\"@type\":\"ListItem\",\"position\":2,\"name\":\"Webshop\",\"item\":\"https:\/\/www.curavitalis.nl\/webshop\/webshop\/\"},{\"@type\":\"ListItem\",\"position\":3,\"name\":\"Lecithine 100 softgels Plantovitamins\"}]},{\"@type\":\"WebSite\",\"@id\":\"https:\/\/www.curavitalis.nl\/webshop\/#website\",\"url\":\"https:\/\/www.curavitalis.nl\/webshop\/\",\"name\":\"Cura Vitalis\",\"description\":\"Webshop\",\"publisher\":{\"@id\":\"https:\/\/www.curavitalis.nl\/webshop\/#organization\"},\"potentialAction\":[{\"@type\":\"SearchAction\",\"target\":{\"@type\":\"EntryPoint\",\"urlTemplate\":\"https:\/\/www.curavitalis.nl\/webshop\/?s={search_term_string}\"},\"query-input\":{\"@type\":\"PropertyValueSpecification\",\"valueRequired\":true,\"valueName\":\"search_term_string\"}}],\"inLanguage\":\"nl-NL\"},{\"@type\":\"Organization\",\"@id\":\"https:\/\/www.curavitalis.nl\/webshop\/#organization\",\"name\":\"Cura Vitalis\",\"url\":\"https:\/\/www.curavitalis.nl\/webshop\/\",\"logo\":{\"@type\":\"ImageObject\",\"inLanguage\":\"nl-NL\",\"@id\":\"https:\/\/www.curavitalis.nl\/webshop\/#\/schema\/logo\/image\/\",\"url\":\"https:\/\/www.curavitalis.nl\/webshop\/wp-content\/uploads\/2024\/10\/logo-curavitalis-small.png\",\"contentUrl\":\"https:\/\/www.curavitalis.nl\/webshop\/wp-content\/uploads\/2024\/10\/logo-curavitalis-small.png\",\"width\":350,\"height\":158,\"caption\":\"Cura Vitalis\"},\"image\":{\"@id\":\"https:\/\/www.curavitalis.nl\/webshop\/#\/schema\/logo\/image\/\"},\"sameAs\":[\"https:\/\/www.facebook.com\/curavitalisnl\"]}]}<\/script>\n<!-- \/ Yoast SEO plugin. -->","yoast_head_json":{"title":"Lecithine 100 softgels Plantovitamins | Cura Vitalis","description":"Lecithine 100 softgels Plantovitamins -Een bron van essenti\u00eble vetten zoals choline en inositol. Op voorraad bij Cura Vitalis | Online verkoper van medicijnen.","robots":{"index":"index","follow":"follow","max-snippet":"max-snippet:-1","max-image-preview":"max-image-preview:large","max-video-preview":"max-video-preview:-1"},"canonical":"https:\/\/www.curavitalis.nl\/webshop\/product\/lecithin-100-softgels-plantovitamins\/","og_locale":"nl_NL","og_type":"article","og_title":"Lecithine 100 softgels Plantovitamins | Cura Vitalis","og_description":"Lecithine 100 softgels Plantovitamins -Een bron van essenti\u00eble vetten zoals choline en inositol. Op voorraad bij Cura Vitalis | Online verkoper van medicijnen.","og_url":"https:\/\/www.curavitalis.nl\/webshop\/product\/lecithin-100-softgels-plantovitamins\/","og_site_name":"Cura Vitalis","article_publisher":"https:\/\/www.facebook.com\/curavitalisnl","article_modified_time":"2023-12-13T21:00:26+00:00","og_image":[{"width":710,"height":600,"url":"https:\/\/www.curavitalis.nl\/webshop\/wp-content\/uploads\/nc\/catalog\/producten\/Inner-Vitamins\/Lecithin-100-softgels-Plantovitamins-Cura-Vitalis.jpg","type":"image\/jpeg"}],"twitter_card":"summary_large_image","twitter_misc":{"Geschatte leestijd":"3 minuten"},"schema":{"@context":"https:\/\/schema.org","@graph":[{"@type":"WebPage","@id":"https:\/\/www.curavitalis.nl\/webshop\/product\/lecithin-100-softgels-plantovitamins\/","url":"https:\/\/www.curavitalis.nl\/webshop\/product\/lecithin-100-softgels-plantovitamins\/","name":"Lecithine 100 softgels Plantovitamins | Cura Vitalis","isPartOf":{"@id":"https:\/\/www.curavitalis.nl\/webshop\/#website"},"primaryImageOfPage":{"@id":"https:\/\/www.curavitalis.nl\/webshop\/product\/lecithin-100-softgels-plantovitamins\/#primaryimage"},"image":{"@id":"https:\/\/www.curavitalis.nl\/webshop\/product\/lecithin-100-softgels-plantovitamins\/#primaryimage"},"thumbnailUrl":"https:\/\/www.curavitalis.nl\/webshop\/wp-content\/uploads\/nc\/catalog\/producten\/Inner-Vitamins\/Lecithin-100-softgels-Plantovitamins-Cura-Vitalis.jpg","datePublished":"2021-04-04T07:40:47+00:00","dateModified":"2023-12-13T21:00:26+00:00","description":"Lecithine 100 softgels Plantovitamins -Een bron van essenti\u00eble vetten zoals choline en inositol. Op voorraad bij Cura Vitalis | Online verkoper van medicijnen.","breadcrumb":{"@id":"https:\/\/www.curavitalis.nl\/webshop\/product\/lecithin-100-softgels-plantovitamins\/#breadcrumb"},"inLanguage":"nl-NL","potentialAction":[{"@type":"ReadAction","target":["https:\/\/www.curavitalis.nl\/webshop\/product\/lecithin-100-softgels-plantovitamins\/"]}]},{"@type":"ImageObject","inLanguage":"nl-NL","@id":"https:\/\/www.curavitalis.nl\/webshop\/product\/lecithin-100-softgels-plantovitamins\/#primaryimage","url":"https:\/\/www.curavitalis.nl\/webshop\/wp-content\/uploads\/nc\/catalog\/producten\/Inner-Vitamins\/Lecithin-100-softgels-Plantovitamins-Cura-Vitalis.jpg","contentUrl":"https:\/\/www.curavitalis.nl\/webshop\/wp-content\/uploads\/nc\/catalog\/producten\/Inner-Vitamins\/Lecithin-100-softgels-Plantovitamins-Cura-Vitalis.jpg","width":710,"height":600,"caption":"Lecithine 100 softgels Plantovitamins"},{"@type":"BreadcrumbList","@id":"https:\/\/www.curavitalis.nl\/webshop\/product\/lecithin-100-softgels-plantovitamins\/#breadcrumb","itemListElement":[{"@type":"ListItem","position":1,"name":"Home","item":"https:\/\/www.curavitalis.nl\/webshop\/"},{"@type":"ListItem","position":2,"name":"Webshop","item":"https:\/\/www.curavitalis.nl\/webshop\/webshop\/"},{"@type":"ListItem","position":3,"name":"Lecithine 100 softgels Plantovitamins"}]},{"@type":"WebSite","@id":"https:\/\/www.curavitalis.nl\/webshop\/#website","url":"https:\/\/www.curavitalis.nl\/webshop\/","name":"Cura Vitalis","description":"Webshop","publisher":{"@id":"https:\/\/www.curavitalis.nl\/webshop\/#organization"},"potentialAction":[{"@type":"SearchAction","target":{"@type":"EntryPoint","urlTemplate":"https:\/\/www.curavitalis.nl\/webshop\/?s={search_term_string}"},"query-input":{"@type":"PropertyValueSpecification","valueRequired":true,"valueName":"search_term_string"}}],"inLanguage":"nl-NL"},{"@type":"Organization","@id":"https:\/\/www.curavitalis.nl\/webshop\/#organization","name":"Cura Vitalis","url":"https:\/\/www.curavitalis.nl\/webshop\/","logo":{"@type":"ImageObject","inLanguage":"nl-NL","@id":"https:\/\/www.curavitalis.nl\/webshop\/#\/schema\/logo\/image\/","url":"https:\/\/www.curavitalis.nl\/webshop\/wp-content\/uploads\/2024\/10\/logo-curavitalis-small.png","contentUrl":"https:\/\/www.curavitalis.nl\/webshop\/wp-content\/uploads\/2024\/10\/logo-curavitalis-small.png","width":350,"height":158,"caption":"Cura Vitalis"},"image":{"@id":"https:\/\/www.curavitalis.nl\/webshop\/#\/schema\/logo\/image\/"},"sameAs":["https:\/\/www.facebook.com\/curavitalisnl"]}]}},"_links":{"self":[{"href":"https:\/\/www.curavitalis.nl\/webshop\/wp-json\/wp\/v2\/product\/6319","targetHints":{"allow":["GET"]}}],"collection":[{"href":"https:\/\/www.curavitalis.nl\/webshop\/wp-json\/wp\/v2\/product"}],"about":[{"href":"https:\/\/www.curavitalis.nl\/webshop\/wp-json\/wp\/v2\/types\/product"}],"replies":[{"embeddable":true,"href":"https:\/\/www.curavitalis.nl\/webshop\/wp-json\/wp\/v2\/comments?post=6319"}],"wp:featuredmedia":[{"embeddable":true,"href":"https:\/\/www.curavitalis.nl\/webshop\/wp-json\/wp\/v2\/media\/6320"}],"wp:attachment":[{"href":"https:\/\/www.curavitalis.nl\/webshop\/wp-json\/wp\/v2\/media?parent=6319"}],"wp:term":[{"taxonomy":"product_cat","embeddable":true,"href":"https:\/\/www.curavitalis.nl\/webshop\/wp-json\/wp\/v2\/product_cat?post=6319"},{"taxonomy":"product_tag","embeddable":true,"href":"https:\/\/www.curavitalis.nl\/webshop\/wp-json\/wp\/v2\/product_tag?post=6319"}],"curies":[{"name":"wp","href":"https:\/\/api.w.org\/{rel}","templated":true}]}}