{"id":6156,"date":"2021-02-07T20:08:15","date_gmt":"2021-02-07T20:08:15","guid":{"rendered":"https:\/\/www.curavitalis.nl\/webshop\/?product=tijgeroog-edelsteen-staande-engel-35-mm"},"modified":"2021-03-08T21:44:36","modified_gmt":"2021-03-08T21:44:36","slug":"tijgeroog-edelsteen-staande-engel-35-mm","status":"publish","type":"product","link":"https:\/\/www.curavitalis.nl\/webshop\/product\/tijgeroog-edelsteen-staande-engel-35-mm\/","title":{"rendered":"Tijgeroog edelsteen staande engel 35 mm"},"content":{"rendered":"<h1>Tijgeroog edelsteen staande engel 35 mm<\/h1>\n<p style=\"margin-bottom: 0px; font-stretch: normal; font-size: 12px; line-height: normal; font-family: &quot;Helvetica Neue&quot;;\">Tijgeroog is een beschermende en inzichtgevende steen. Hij maakt je zelfbewuster en doelgerichter. Tijgeroog helpt je om overzicht te krijgen en informatie te integreren in je bewustzijn. Zeer geschikt ook voor studiedoeleinden. Hij geeft je vertrouwen en moed en helpt je om interne conflicten op te lossen. Tijgeroog vermindert besluiteloosheid, twijfels en verlegenheid, hij beschermt je tegen allerlei angsten en fobie\u00ebn en zal helpen om geestelijke blokkades op te heffen.<\/p>\n<p style=\"margin-bottom: 0px; font-stretch: normal; font-size: 12px; line-height: normal; font-family: &quot;Helvetica Neue&quot;;\">&nbsp;<\/p>\n<p style=\"margin-bottom: 0px; font-stretch: normal; font-size: 12px; line-height: normal; font-family: &quot;Helvetica Neue&quot;;\">Tijgeroog heeft een positieve werking op de ogen, oren, hart, de hersenen, de fijne motoriek zoals hand-oogco\u00f6rdinatie, de bloedsomloop, keel, lever, maag, stoelgang, rug, heupen, knie\u00ebn, enkels, geslachtsorganen en hij verbetert de stofwisseling. Tijgeroog versterkt de concentratie en intu\u00eftie.<\/p>\n<p style=\"margin-bottom: 0px; font-stretch: normal; font-size: 12px; line-height: normal; font-family: &quot;Helvetica Neue&quot;;\">&nbsp;<\/p>\n<p style=\"margin-bottom: 0px; font-stretch: normal; font-size: 12px; line-height: normal; font-family: &quot;Helvetica Neue&quot;;\">Tijgeroog heeft een heilzame werking op verkoudheid, astma, ademnood, keelpijn, bronchitis, longklachten, darmkrampen, buikpijn, spanningen, overprikkeldheid van het zenuwstelsel,&nbsp;<span style=\"font-size: 12px;\">hyperventilatie, hepatitis, levercirrose, bloedarmoede, ijzertekort, spierkrampen en persoonlijkheidsstoornissen.<\/span><\/p>\n<p style=\"margin-bottom: 0px; font-stretch: normal; font-size: 12px; line-height: normal; font-family: &quot;Helvetica Neue&quot;;\"><span style=\"font-size: 12px;\"><br \/><\/span><\/p>\n<p style=\"margin-bottom: 0px; font-stretch: normal; font-size: 13px; line-height: normal; font-family: &quot;Helvetica Neue&quot;;\"><b>Disclaimer: Het is en blijft belangrijk altijd medische hulp te gebruiken waar deze nodig is. Hoewel we in deze site essenti\u00eble informatie proberen te delen die een ieders gezondheid enorm ten goede zou kunnen komen, is het niet bedoeld om wie dan ook maar te stimuleren om medische hulp buiten te sluiten. In tegendeel! Zoek bij klachten altijd eerst hulp bij uw arts!<\/b><\/p>\n<p style=\"margin-bottom: 0px; font-stretch: normal; font-size: 13px; line-height: normal; font-family: &quot;Helvetica Neue&quot;; min-height: 15px;\"><\/p>\n<p style=\"margin-bottom: 0px; font-stretch: normal; font-size: 13px; line-height: normal; font-family: &quot;Helvetica Neue&quot;;\">Bij edelstenen\/ mineralen wordt de werkzaamheid niet klinisch getoetst, maar <b>gebaseerd op<\/b> langdurig gebruik en ervaring.<\/p>\n","protected":false},"excerpt":{"rendered":"<p>Tijgeroog edelsteen staande engel 35 mm Tijgeroog is een beschermende [&hellip;]<\/p>\n","protected":false},"featured_media":6157,"comment_status":"open","ping_status":"closed","template":"","meta":[],"product_cat":[1004,1003],"product_tag":[1275,1496,2249,1261,2629,1459],"class_list":{"0":"post-6156","1":"product","2":"type-product","3":"status-publish","4":"has-post-thumbnail","6":"product_cat-edelstenen-mineralen","7":"product_cat-overige-gezondheidsproducten","8":"product_tag-edelsteen","9":"product_tag-engel","10":"product_tag-gezondheidsproducten","11":"product_tag-overige","12":"product_tag-staande","13":"product_tag-tijgeroog","15":"first","16":"instock","17":"taxable","18":"shipping-taxable","19":"purchasable","20":"product-type-simple"},"yoast_head":"<!-- This site is optimized with the Yoast SEO plugin v25.7 - https:\/\/yoast.com\/wordpress\/plugins\/seo\/ -->\n<title>Tijgeroog edelsteen staande engel 35 mm<\/title>\n<meta name=\"description\" content=\"Tijgeroog edelsteen staande engel 35 mm - 1 engel 35 mm (). Tijgeroog edelsteen staande engel 35 mm Tijgeroog is een beschermende en inzichtgevende steen.\" \/>\n<meta name=\"robots\" content=\"index, follow, max-snippet:-1, max-image-preview:large, max-video-preview:-1\" \/>\n<link rel=\"canonical\" href=\"https:\/\/www.curavitalis.nl\/webshop\/product\/tijgeroog-edelsteen-staande-engel-35-mm\/\" \/>\n<meta property=\"og:locale\" content=\"nl_NL\" \/>\n<meta property=\"og:type\" content=\"article\" \/>\n<meta property=\"og:title\" content=\"Tijgeroog edelsteen staande engel 35 mm\" \/>\n<meta property=\"og:description\" content=\"Tijgeroog edelsteen staande engel 35 mm - 1 engel 35 mm (). Tijgeroog edelsteen staande engel 35 mm Tijgeroog is een beschermende en inzichtgevende steen.\" \/>\n<meta property=\"og:url\" content=\"https:\/\/www.curavitalis.nl\/webshop\/product\/tijgeroog-edelsteen-staande-engel-35-mm\/\" \/>\n<meta property=\"og:site_name\" content=\"Cura Vitalis\" \/>\n<meta property=\"article:publisher\" content=\"https:\/\/www.facebook.com\/curavitalisnl\" \/>\n<meta property=\"article:modified_time\" content=\"2021-03-08T21:44:36+00:00\" \/>\n<meta property=\"og:image\" content=\"https:\/\/www.curavitalis.nl\/webshop\/wp-content\/uploads\/nc\/catalog\/producten\/Edelstenen\/Staande-engel-35-mm-Tijgeroog-Cura-Vitalis.jpg\" \/>\n\t<meta property=\"og:image:width\" content=\"710\" \/>\n\t<meta property=\"og:image:height\" content=\"600\" \/>\n\t<meta property=\"og:image:type\" content=\"image\/jpeg\" \/>\n<meta name=\"twitter:card\" content=\"summary_large_image\" \/>\n<meta name=\"twitter:label1\" content=\"Geschatte leestijd\" \/>\n\t<meta name=\"twitter:data1\" content=\"1 minuut\" \/>\n<script type=\"application\/ld+json\" class=\"yoast-schema-graph\">{\"@context\":\"https:\/\/schema.org\",\"@graph\":[{\"@type\":\"WebPage\",\"@id\":\"https:\/\/www.curavitalis.nl\/webshop\/product\/tijgeroog-edelsteen-staande-engel-35-mm\/\",\"url\":\"https:\/\/www.curavitalis.nl\/webshop\/product\/tijgeroog-edelsteen-staande-engel-35-mm\/\",\"name\":\"Tijgeroog edelsteen staande engel 35 mm\",\"isPartOf\":{\"@id\":\"https:\/\/www.curavitalis.nl\/webshop\/#website\"},\"primaryImageOfPage\":{\"@id\":\"https:\/\/www.curavitalis.nl\/webshop\/product\/tijgeroog-edelsteen-staande-engel-35-mm\/#primaryimage\"},\"image\":{\"@id\":\"https:\/\/www.curavitalis.nl\/webshop\/product\/tijgeroog-edelsteen-staande-engel-35-mm\/#primaryimage\"},\"thumbnailUrl\":\"https:\/\/www.curavitalis.nl\/webshop\/wp-content\/uploads\/nc\/catalog\/producten\/Edelstenen\/Staande-engel-35-mm-Tijgeroog-Cura-Vitalis.jpg\",\"datePublished\":\"2021-02-07T20:08:15+00:00\",\"dateModified\":\"2021-03-08T21:44:36+00:00\",\"description\":\"Tijgeroog edelsteen staande engel 35 mm - 1 engel 35 mm (). Tijgeroog edelsteen staande engel 35 mm Tijgeroog is een beschermende en inzichtgevende steen.\",\"breadcrumb\":{\"@id\":\"https:\/\/www.curavitalis.nl\/webshop\/product\/tijgeroog-edelsteen-staande-engel-35-mm\/#breadcrumb\"},\"inLanguage\":\"nl-NL\",\"potentialAction\":[{\"@type\":\"ReadAction\",\"target\":[\"https:\/\/www.curavitalis.nl\/webshop\/product\/tijgeroog-edelsteen-staande-engel-35-mm\/\"]}]},{\"@type\":\"ImageObject\",\"inLanguage\":\"nl-NL\",\"@id\":\"https:\/\/www.curavitalis.nl\/webshop\/product\/tijgeroog-edelsteen-staande-engel-35-mm\/#primaryimage\",\"url\":\"https:\/\/www.curavitalis.nl\/webshop\/wp-content\/uploads\/nc\/catalog\/producten\/Edelstenen\/Staande-engel-35-mm-Tijgeroog-Cura-Vitalis.jpg\",\"contentUrl\":\"https:\/\/www.curavitalis.nl\/webshop\/wp-content\/uploads\/nc\/catalog\/producten\/Edelstenen\/Staande-engel-35-mm-Tijgeroog-Cura-Vitalis.jpg\",\"width\":710,\"height\":600,\"caption\":\"Tijgeroog edelsteen staande engel 35 mm\"},{\"@type\":\"BreadcrumbList\",\"@id\":\"https:\/\/www.curavitalis.nl\/webshop\/product\/tijgeroog-edelsteen-staande-engel-35-mm\/#breadcrumb\",\"itemListElement\":[{\"@type\":\"ListItem\",\"position\":1,\"name\":\"Home\",\"item\":\"https:\/\/www.curavitalis.nl\/webshop\/\"},{\"@type\":\"ListItem\",\"position\":2,\"name\":\"Webshop\",\"item\":\"https:\/\/www.curavitalis.nl\/webshop\/webshop\/\"},{\"@type\":\"ListItem\",\"position\":3,\"name\":\"Tijgeroog edelsteen staande engel 35 mm\"}]},{\"@type\":\"WebSite\",\"@id\":\"https:\/\/www.curavitalis.nl\/webshop\/#website\",\"url\":\"https:\/\/www.curavitalis.nl\/webshop\/\",\"name\":\"Cura Vitalis\",\"description\":\"Webshop\",\"publisher\":{\"@id\":\"https:\/\/www.curavitalis.nl\/webshop\/#organization\"},\"potentialAction\":[{\"@type\":\"SearchAction\",\"target\":{\"@type\":\"EntryPoint\",\"urlTemplate\":\"https:\/\/www.curavitalis.nl\/webshop\/?s={search_term_string}\"},\"query-input\":{\"@type\":\"PropertyValueSpecification\",\"valueRequired\":true,\"valueName\":\"search_term_string\"}}],\"inLanguage\":\"nl-NL\"},{\"@type\":\"Organization\",\"@id\":\"https:\/\/www.curavitalis.nl\/webshop\/#organization\",\"name\":\"Cura Vitalis\",\"url\":\"https:\/\/www.curavitalis.nl\/webshop\/\",\"logo\":{\"@type\":\"ImageObject\",\"inLanguage\":\"nl-NL\",\"@id\":\"https:\/\/www.curavitalis.nl\/webshop\/#\/schema\/logo\/image\/\",\"url\":\"https:\/\/www.curavitalis.nl\/webshop\/wp-content\/uploads\/2024\/10\/logo-curavitalis-small.png\",\"contentUrl\":\"https:\/\/www.curavitalis.nl\/webshop\/wp-content\/uploads\/2024\/10\/logo-curavitalis-small.png\",\"width\":350,\"height\":158,\"caption\":\"Cura Vitalis\"},\"image\":{\"@id\":\"https:\/\/www.curavitalis.nl\/webshop\/#\/schema\/logo\/image\/\"},\"sameAs\":[\"https:\/\/www.facebook.com\/curavitalisnl\"]}]}<\/script>\n<!-- \/ Yoast SEO plugin. -->","yoast_head_json":{"title":"Tijgeroog edelsteen staande engel 35 mm","description":"Tijgeroog edelsteen staande engel 35 mm - 1 engel 35 mm (). Tijgeroog edelsteen staande engel 35 mm Tijgeroog is een beschermende en inzichtgevende steen.","robots":{"index":"index","follow":"follow","max-snippet":"max-snippet:-1","max-image-preview":"max-image-preview:large","max-video-preview":"max-video-preview:-1"},"canonical":"https:\/\/www.curavitalis.nl\/webshop\/product\/tijgeroog-edelsteen-staande-engel-35-mm\/","og_locale":"nl_NL","og_type":"article","og_title":"Tijgeroog edelsteen staande engel 35 mm","og_description":"Tijgeroog edelsteen staande engel 35 mm - 1 engel 35 mm (). Tijgeroog edelsteen staande engel 35 mm Tijgeroog is een beschermende en inzichtgevende steen.","og_url":"https:\/\/www.curavitalis.nl\/webshop\/product\/tijgeroog-edelsteen-staande-engel-35-mm\/","og_site_name":"Cura Vitalis","article_publisher":"https:\/\/www.facebook.com\/curavitalisnl","article_modified_time":"2021-03-08T21:44:36+00:00","og_image":[{"width":710,"height":600,"url":"https:\/\/www.curavitalis.nl\/webshop\/wp-content\/uploads\/nc\/catalog\/producten\/Edelstenen\/Staande-engel-35-mm-Tijgeroog-Cura-Vitalis.jpg","type":"image\/jpeg"}],"twitter_card":"summary_large_image","twitter_misc":{"Geschatte leestijd":"1 minuut"},"schema":{"@context":"https:\/\/schema.org","@graph":[{"@type":"WebPage","@id":"https:\/\/www.curavitalis.nl\/webshop\/product\/tijgeroog-edelsteen-staande-engel-35-mm\/","url":"https:\/\/www.curavitalis.nl\/webshop\/product\/tijgeroog-edelsteen-staande-engel-35-mm\/","name":"Tijgeroog edelsteen staande engel 35 mm","isPartOf":{"@id":"https:\/\/www.curavitalis.nl\/webshop\/#website"},"primaryImageOfPage":{"@id":"https:\/\/www.curavitalis.nl\/webshop\/product\/tijgeroog-edelsteen-staande-engel-35-mm\/#primaryimage"},"image":{"@id":"https:\/\/www.curavitalis.nl\/webshop\/product\/tijgeroog-edelsteen-staande-engel-35-mm\/#primaryimage"},"thumbnailUrl":"https:\/\/www.curavitalis.nl\/webshop\/wp-content\/uploads\/nc\/catalog\/producten\/Edelstenen\/Staande-engel-35-mm-Tijgeroog-Cura-Vitalis.jpg","datePublished":"2021-02-07T20:08:15+00:00","dateModified":"2021-03-08T21:44:36+00:00","description":"Tijgeroog edelsteen staande engel 35 mm - 1 engel 35 mm (). Tijgeroog edelsteen staande engel 35 mm Tijgeroog is een beschermende en inzichtgevende steen.","breadcrumb":{"@id":"https:\/\/www.curavitalis.nl\/webshop\/product\/tijgeroog-edelsteen-staande-engel-35-mm\/#breadcrumb"},"inLanguage":"nl-NL","potentialAction":[{"@type":"ReadAction","target":["https:\/\/www.curavitalis.nl\/webshop\/product\/tijgeroog-edelsteen-staande-engel-35-mm\/"]}]},{"@type":"ImageObject","inLanguage":"nl-NL","@id":"https:\/\/www.curavitalis.nl\/webshop\/product\/tijgeroog-edelsteen-staande-engel-35-mm\/#primaryimage","url":"https:\/\/www.curavitalis.nl\/webshop\/wp-content\/uploads\/nc\/catalog\/producten\/Edelstenen\/Staande-engel-35-mm-Tijgeroog-Cura-Vitalis.jpg","contentUrl":"https:\/\/www.curavitalis.nl\/webshop\/wp-content\/uploads\/nc\/catalog\/producten\/Edelstenen\/Staande-engel-35-mm-Tijgeroog-Cura-Vitalis.jpg","width":710,"height":600,"caption":"Tijgeroog edelsteen staande engel 35 mm"},{"@type":"BreadcrumbList","@id":"https:\/\/www.curavitalis.nl\/webshop\/product\/tijgeroog-edelsteen-staande-engel-35-mm\/#breadcrumb","itemListElement":[{"@type":"ListItem","position":1,"name":"Home","item":"https:\/\/www.curavitalis.nl\/webshop\/"},{"@type":"ListItem","position":2,"name":"Webshop","item":"https:\/\/www.curavitalis.nl\/webshop\/webshop\/"},{"@type":"ListItem","position":3,"name":"Tijgeroog edelsteen staande engel 35 mm"}]},{"@type":"WebSite","@id":"https:\/\/www.curavitalis.nl\/webshop\/#website","url":"https:\/\/www.curavitalis.nl\/webshop\/","name":"Cura Vitalis","description":"Webshop","publisher":{"@id":"https:\/\/www.curavitalis.nl\/webshop\/#organization"},"potentialAction":[{"@type":"SearchAction","target":{"@type":"EntryPoint","urlTemplate":"https:\/\/www.curavitalis.nl\/webshop\/?s={search_term_string}"},"query-input":{"@type":"PropertyValueSpecification","valueRequired":true,"valueName":"search_term_string"}}],"inLanguage":"nl-NL"},{"@type":"Organization","@id":"https:\/\/www.curavitalis.nl\/webshop\/#organization","name":"Cura Vitalis","url":"https:\/\/www.curavitalis.nl\/webshop\/","logo":{"@type":"ImageObject","inLanguage":"nl-NL","@id":"https:\/\/www.curavitalis.nl\/webshop\/#\/schema\/logo\/image\/","url":"https:\/\/www.curavitalis.nl\/webshop\/wp-content\/uploads\/2024\/10\/logo-curavitalis-small.png","contentUrl":"https:\/\/www.curavitalis.nl\/webshop\/wp-content\/uploads\/2024\/10\/logo-curavitalis-small.png","width":350,"height":158,"caption":"Cura Vitalis"},"image":{"@id":"https:\/\/www.curavitalis.nl\/webshop\/#\/schema\/logo\/image\/"},"sameAs":["https:\/\/www.facebook.com\/curavitalisnl"]}]}},"_links":{"self":[{"href":"https:\/\/www.curavitalis.nl\/webshop\/wp-json\/wp\/v2\/product\/6156","targetHints":{"allow":["GET"]}}],"collection":[{"href":"https:\/\/www.curavitalis.nl\/webshop\/wp-json\/wp\/v2\/product"}],"about":[{"href":"https:\/\/www.curavitalis.nl\/webshop\/wp-json\/wp\/v2\/types\/product"}],"replies":[{"embeddable":true,"href":"https:\/\/www.curavitalis.nl\/webshop\/wp-json\/wp\/v2\/comments?post=6156"}],"wp:featuredmedia":[{"embeddable":true,"href":"https:\/\/www.curavitalis.nl\/webshop\/wp-json\/wp\/v2\/media\/6157"}],"wp:attachment":[{"href":"https:\/\/www.curavitalis.nl\/webshop\/wp-json\/wp\/v2\/media?parent=6156"}],"wp:term":[{"taxonomy":"product_cat","embeddable":true,"href":"https:\/\/www.curavitalis.nl\/webshop\/wp-json\/wp\/v2\/product_cat?post=6156"},{"taxonomy":"product_tag","embeddable":true,"href":"https:\/\/www.curavitalis.nl\/webshop\/wp-json\/wp\/v2\/product_tag?post=6156"}],"curies":[{"name":"wp","href":"https:\/\/api.w.org\/{rel}","templated":true}]}}