{"id":5867,"date":"2019-04-27T12:50:14","date_gmt":"2019-04-27T12:50:14","guid":{"rendered":"https:\/\/www.curavitalis.nl\/webshop\/?product=lamberts-glucosamine-phytodroitine-complex"},"modified":"2023-10-25T20:05:17","modified_gmt":"2023-10-25T20:05:17","slug":"lamberts-glucosamine-and-chondroitine-complex-120t","status":"publish","type":"product","link":"https:\/\/www.curavitalis.nl\/webshop\/product\/lamberts-glucosamine-and-chondroitine-complex-120t\/","title":{"rendered":"Lamberts Glucosamine &#038; phytodro\u00eftine complex"},"content":{"rendered":"<h1><span style=\"font-weight: bold;\">Lamberts Glucosamine &amp; phytodro\u00eftine complex plantaardig &#8211; vega<\/span><\/h1>\n<h2>Glucosamine zonder schaaldieren<\/h2>\n<p style=\"margin-bottom: 0px; font-stretch: normal; font-size: 13px; line-height: normal; font-family: &quot;Helvetica Neue&quot;;\">Dit product bevat GlucosaGreen\u00ae Voor Lamberts staat sinds jaar en dag de kwaliteit van haar producten boven alles. Glucosagreen is de nieuwe generatie glucosamine wordt vervaardigd uit niet-GMO-mais via een uniek fermentatieproces. Even effectief als glucosamine uit schaaldieren. dit is getest en gevalideerd.<br \/>\nGlucosagreen is identiek aan Glucosamine vanuit schaaldieren en werkt ook op precies dezelfde manier. Het heeft als bijkomend voordeel dat het is geschikt is voor veganisten en mensen die lijden aan een allergie voor schaaldieren. BETER VOOR DIER EN MILIEU.<\/p>\n<p style=\"margin-bottom: 0px; font-stretch: normal; font-size: 13px; line-height: normal; font-family: &quot;Helvetica Neue&quot;;\"><\/p>\n<p style=\"margin-bottom: 0px; font-style: normal; font-variant-caps: normal; font-stretch: normal; font-size: 13px; line-height: normal; font-family: &quot;Helvetica Neue&quot;; font-size-adjust: none; font-kerning: auto; font-variant-alternates: normal; font-variant-ligatures: normal; font-variant-numeric: normal; font-variant-east-asian: normal; font-variant-position: normal; font-feature-settings: normal; font-optical-sizing: auto; font-variation-settings: normal;\">Elke tablet levert 467mg Glucosaminesulfaat (equivalent aan 619mg Glucosaminesulfaat 2KCI) en Phytodro\u00eftine\u2122 (100% plantaardig alternatief voor chondro\u00eftine). Lamberts kiest ervoor om de sulfaatvorm van glucosamine te gebruiken, omdat dit de vorm is die het meest gebruikt wordt in wetenschappelijke studies. Dit product bevat geen natrium of zout (NaCI).<\/p>\n<p style=\"margin-bottom: 0px; font-style: normal; font-variant-caps: normal; font-stretch: normal; font-size: 13px; line-height: normal; font-family: &quot;Helvetica Neue&quot;; font-size-adjust: none; font-kerning: auto; font-variant-alternates: normal; font-variant-ligatures: normal; font-variant-numeric: normal; font-variant-east-asian: normal; font-variant-position: normal; font-feature-settings: normal; font-optical-sizing: auto; font-variation-settings: normal;\"><\/p>\n<h2>Plantaardig alternatief voor chondro\u00eftine<\/h2>\n<p style=\"margin-bottom: 0px; font-stretch: normal; font-size: 13px; line-height: normal; font-family: &quot;Helvetica Neue&quot;;\">Dit product bevat Phytodro\u00eftine\u2122&nbsp;<br \/>\nPhytodro\u00eftine is een 100% plantaardig alternatief voor chondro\u00eftine. Phytodro\u00eftine bevat een speciale combinatie zorgvuldig geselecteerde mucopolysaccharide-rijke algenextracten van Ulva Lactuca linnaeus (zeesla) en Fucus vesiculoses (blaaswier), aangevuld met hyaluronzuur.&nbsp;<\/p>\n<p style=\"margin-bottom: 0px; font-stretch: normal; font-size: 13px; line-height: normal; font-family: &quot;Helvetica Neue&quot;;\"><span style=\"font-weight: bold;\"><br \/>\nHoe zien de tabletten eruit?<\/span><br \/>\nEen witte ovale gecoate tablet. Verpakking met 120 tabletten Lamberts Glucosamine &amp; phytodro\u00eftine complex:<\/p>\n<p><span style=\"font-weight: bold;\"><br \/>\nSamenstelling per dagdosering van 3 tabletten<\/span><\/p>\n<table cellspacing=\"0\" cellpadding=\"0\">\n<tbody>\n<tr>\n<td valign=\"top\" style=\"border-style: solid; border-width: 1.0px 1.0px 1.0px 1.0px; border-color: #9a9a9a #9a9a9a #9a9a9a #9a9a9a; padding: 1.0px 5.0px 1.0px 5.0px\">\n<p style=\"margin-bottom: 0px; font-stretch: normal; font-size: 13px; line-height: normal; font-family: &quot;Helvetica Neue&quot;;\">Glucosaminesulfaat 2KCl<\/p>\n<\/td>\n<td valign=\"top\" style=\"border-style: solid; border-width: 1.0px 1.0px 1.0px 1.0px; border-color: #9a9a9a #9a9a9a #9a9a9a #9a9a9a; padding: 1.0px 5.0px 1.0px 5.0px\">\n<p style=\"margin-bottom: 0px; font-stretch: normal; font-size: 13px; line-height: normal; font-family: &quot;Helvetica Neue&quot;;\">1857mg<\/p>\n<\/td>\n<\/tr>\n<tr>\n<td valign=\"top\" style=\"border-style: solid; border-width: 1.0px 1.0px 1.0px 1.0px; border-color: #9a9a9a #9a9a9a #9a9a9a #9a9a9a; padding: 1.0px 5.0px 1.0px 5.0px\">\n<p style=\"margin-bottom: 0px; font-stretch: normal; font-size: 13px; line-height: normal; font-family: &quot;Helvetica Neue&quot;;\">bevat glucosamine Sulfaat<\/p>\n<\/td>\n<td valign=\"top\" style=\"border-style: solid; border-width: 1.0px 1.0px 1.0px 1.0px; border-color: #9a9a9a #9a9a9a #9a9a9a #9a9a9a; padding: 1.0px 5.0px 1.0px 5.0px\">\n<p style=\"margin-bottom: 0px; font-stretch: normal; font-size: 13px; line-height: normal; font-family: &quot;Helvetica Neue&quot;;\">1401mg<\/p>\n<\/td>\n<\/tr>\n<tr>\n<td valign=\"top\" style=\"border-style: solid; border-width: 1.0px 1.0px 1.0px 1.0px; border-color: #9a9a9a #9a9a9a #9a9a9a #9a9a9a; padding: 1.0px 5.0px 1.0px 5.0px\">\n<p style=\"margin-bottom: 0px; font-stretch: normal; font-size: 13px; line-height: normal; font-family: &quot;Helvetica Neue&quot;;\">=elementair glucosamine<\/p>\n<\/td>\n<td valign=\"top\" style=\"border-style: solid; border-width: 1.0px 1.0px 1.0px 1.0px; border-color: #9a9a9a #9a9a9a #9a9a9a #9a9a9a; padding: 1.0px 5.0px 1.0px 5.0px\">\n<p style=\"margin-bottom: 0px; font-stretch: normal; font-size: 13px; line-height: normal; font-family: &quot;Helvetica Neue&quot;;\">1098mg<\/p>\n<\/td>\n<\/tr>\n<tr>\n<td valign=\"top\" style=\"border-style: solid; border-width: 1.0px 1.0px 1.0px 1.0px; border-color: #9a9a9a #9a9a9a #9a9a9a #9a9a9a; padding: 1.0px 5.0px 1.0px 5.0px\">\n<p style=\"margin-bottom: 0px; font-stretch: normal; font-size: 13px; line-height: normal; font-family: &quot;Helvetica Neue&quot;;\">Phytodro\u00eftine\u2122<\/p>\n<\/td>\n<td valign=\"top\" style=\"border-style: solid; border-width: 1.0px 1.0px 1.0px 1.0px; border-color: #9a9a9a #9a9a9a #9a9a9a #9a9a9a; padding: 1.0px 5.0px 1.0px 5.0px\">\n<p style=\"margin-bottom: 0px; font-stretch: normal; font-size: 13px; line-height: normal; font-family: &quot;Helvetica Neue&quot;;\">330mg<\/p>\n<\/td>\n<\/tr>\n<tr>\n<td valign=\"top\" style=\"border-style: solid; border-width: 1.0px 1.0px 1.0px 1.0px; border-color: #9a9a9a #9a9a9a #9a9a9a #9a9a9a; padding: 1.0px 5.0px 1.0px 5.0px\">\n<p style=\"margin-bottom: 0px; font-stretch: normal; font-size: 13px; line-height: normal; font-family: &quot;Helvetica Neue&quot;;\">(Equivalent Chondro\u00eftine)<\/p>\n<\/td>\n<td valign=\"top\" style=\"border-style: solid; border-width: 1.0px 1.0px 1.0px 1.0px; border-color: #9a9a9a #9a9a9a #9a9a9a #9a9a9a; padding: 1.0px 5.0px 1.0px 5.0px\">\n<p style=\"margin-bottom: 0px; font-stretch: normal; font-size: 13px; line-height: normal; font-family: &quot;Helvetica Neue&quot;;\">300mg<\/p>\n<\/td>\n<\/tr>\n<\/tbody>\n<\/table>\n<p style=\"margin-bottom: 0px; font-stretch: normal; font-size: 13px; line-height: normal; font-family: &quot;Helvetica Neue&quot;;\">Ingredi\u00ebnten incl. hulpstoffen; zie bovenstaand etiket.<\/p>\n<p style=\"margin-bottom: 0px; font-stretch: normal; font-size: 13px; line-height: normal; font-family: &quot;Helvetica Neue&quot;;\">&nbsp;<\/p>\n<p style=\"margin-bottom: 0px; font-stretch: normal; font-size: 13px; line-height: normal; font-family: &quot;Helvetica Neue&quot;;\"><span style=\"font-weight: bold;\">Geschikt voor vegetari\u00ebrs en veganisten<\/span><\/p>\n<p>Uiteenvaltijd:&nbsp;Minder dan 1 uur<\/p>\n<h3><span style=\"font-weight: bold;\"><br \/><\/span><\/h3>\n<h2>Hoe&nbsp;Lamberts Glucosamine &amp; phytodro\u00eftine complex te gebruiken?<\/h2>\n<p style=\"margin-bottom: 0px; font-stretch: normal; font-size: 13px; line-height: normal; font-family: &quot;Helvetica Neue&quot;;\"><\/p>\n<table cellspacing=\"0\" cellpadding=\"0\">\n<tbody>\n<tr>\n<td valign=\"top\" style=\"border-style: solid; border-width: 1.0px 1.0px 1.0px 1.0px; border-color: #9a9a9a #9a9a9a #9a9a9a #9a9a9a; padding: 1.0px 5.0px 1.0px 5.0px\">\n<p style=\"margin-bottom: 0px; font-stretch: normal; font-size: 13px; line-height: normal; font-family: &quot;Helvetica Neue&quot;;\"><span style=\"text-decoration: underline\"><b>Dosering en gebruik<\/b><\/span><br \/>\n&nbsp;3x daags 1 tablet, tenzij anders geadviseerd.<\/p>\n<\/td>\n<\/tr>\n<tr>\n<td valign=\"top\" style=\"border-style: solid; border-width: 1.0px 1.0px 1.0px 1.0px; border-color: #9a9a9a #9a9a9a #9a9a9a #9a9a9a; padding: 1.0px 5.0px 1.0px 5.0px\">\n<p style=\"margin-bottom: 0px; font-stretch: normal; font-size: 13px; line-height: normal; font-family: &quot;Helvetica Neue&quot;;\"><span style=\"text-decoration: underline\"><b>Allergenenadvies<\/b><\/span><br \/>\nBevat geen: tarwe, gluten, gerst, soja, eieren, melk en melkproducten, lactose, noten, sulfieten en gist.<\/p>\n<\/td>\n<\/tr>\n<tr>\n<td valign=\"top\" style=\"border-style: solid; border-width: 1.0px 1.0px 1.0px 1.0px; border-color: #9a9a9a #9a9a9a #9a9a9a #9a9a9a; padding: 1.0px 5.0px 1.0px 5.0px\">\n<p style=\"margin-bottom: 0px; font-stretch: normal; font-size: 13px; line-height: normal; font-family: &quot;Helvetica Neue&quot;;\"><span style=\"text-decoration: underline\"><b>Waarschuwingen voor gebruik<\/b><\/span><br \/>\nDit product wordt niet aanbevolen tijdens de zwangerschap of als men borstvoeding geeft.&nbsp;<br \/>\nKan de werking van bepaalde antistollingsmiddelen be\u00efnvloeden.<\/p>\n<\/td>\n<\/tr>\n<tr>\n<td valign=\"top\" style=\"border-style: solid; border-width: 1.0px 1.0px 1.0px 1.0px; border-color: #9a9a9a #9a9a9a #9a9a9a #9a9a9a; padding: 1.0px 5.0px 1.0px 5.0px\">\n<p style=\"margin-bottom: 0px; font-stretch: normal; font-size: 13px; line-height: normal; font-family: &quot;Helvetica Neue&quot;;\"><span style=\"text-decoration: underline\"><b>Bewaarinstructies<\/b><\/span><br \/>\nBewaren op een koele droge plaats, beschermd tegen het licht. Buiten het bereik en zicht van kinderen houden.<\/p>\n<\/td>\n<\/tr>\n<\/tbody>\n<\/table>\n<p style=\"margin-bottom: 0px; font-stretch: normal; font-size: 13px; line-height: normal; font-family: &quot;Helvetica Neue&quot;; min-height: 15px;\"><\/p>\n<p style=\"margin-bottom: 0px; font-stretch: normal; font-size: 13px; line-height: normal; font-family: &quot;Helvetica Neue&quot;; min-height: 15px;\"><\/p>\n","protected":false},"excerpt":{"rendered":"<p>Lamberts Glucosamine &amp; phytodro\u00eftine complex plantaardig &#8211; vega Glucosamine zonder [&hellip;]<\/p>\n","protected":false},"featured_media":5868,"comment_status":"open","ping_status":"closed","template":"","meta":[],"product_cat":[1000],"product_tag":[2081,2080,1018,2079,1718,1150],"class_list":{"0":"post-5867","1":"product","2":"type-product","3":"status-publish","4":"has-post-thumbnail","6":"product_brand-lamberts","7":"product_cat-voedingssupplementen","8":"product_tag-120t","9":"product_tag-chondroitine","10":"product_tag-complex","11":"product_tag-glucosamine","12":"product_tag-lamberts","13":"product_tag-voedingssupplementen","15":"first","16":"instock","17":"taxable","18":"shipping-taxable","19":"purchasable","20":"product-type-simple"},"yoast_head":"<!-- This site is optimized with the Yoast SEO plugin v25.7 - https:\/\/yoast.com\/wordpress\/plugins\/seo\/ -->\n<title>Lamberts Glucosamine &amp; phytodro\u00eftine complex<\/title>\n<meta name=\"description\" content=\"Lamberts Glucosamine &amp; phytodro\u00eftine complex. Vernieuwde plantaardige formule! Op voorraad bij Cura Vitalis | Online aanbieder van medicijnen\" \/>\n<meta name=\"robots\" content=\"index, follow, max-snippet:-1, max-image-preview:large, max-video-preview:-1\" \/>\n<link rel=\"canonical\" href=\"https:\/\/www.curavitalis.nl\/webshop\/product\/lamberts-glucosamine-and-chondroitine-complex-120t\/\" \/>\n<meta property=\"og:locale\" content=\"nl_NL\" \/>\n<meta property=\"og:type\" content=\"article\" \/>\n<meta property=\"og:title\" content=\"Lamberts Glucosamine &amp; phytodro\u00eftine complex\" \/>\n<meta property=\"og:description\" content=\"Lamberts Glucosamine &amp; phytodro\u00eftine complex. Vernieuwde plantaardige formule! Op voorraad bij Cura Vitalis | Online aanbieder van medicijnen\" \/>\n<meta property=\"og:url\" content=\"https:\/\/www.curavitalis.nl\/webshop\/product\/lamberts-glucosamine-and-chondroitine-complex-120t\/\" \/>\n<meta property=\"og:site_name\" content=\"Cura Vitalis\" \/>\n<meta property=\"article:publisher\" content=\"https:\/\/www.facebook.com\/curavitalisnl\" \/>\n<meta property=\"article:modified_time\" content=\"2023-10-25T20:05:17+00:00\" \/>\n<meta property=\"og:image\" content=\"https:\/\/www.curavitalis.nl\/webshop\/wp-content\/uploads\/nc\/catalog\/producten\/Lamberts\/Lamberts-glucosamine-phytodroitine-2-Cura-Vitalis.jpg\" \/>\n\t<meta property=\"og:image:width\" content=\"710\" \/>\n\t<meta property=\"og:image:height\" content=\"600\" \/>\n\t<meta property=\"og:image:type\" content=\"image\/jpeg\" \/>\n<meta name=\"twitter:card\" content=\"summary_large_image\" \/>\n<meta name=\"twitter:label1\" content=\"Geschatte leestijd\" \/>\n\t<meta name=\"twitter:data1\" content=\"2 minuten\" \/>\n<script type=\"application\/ld+json\" class=\"yoast-schema-graph\">{\"@context\":\"https:\/\/schema.org\",\"@graph\":[{\"@type\":\"WebPage\",\"@id\":\"https:\/\/www.curavitalis.nl\/webshop\/product\/lamberts-glucosamine-and-chondroitine-complex-120t\/\",\"url\":\"https:\/\/www.curavitalis.nl\/webshop\/product\/lamberts-glucosamine-and-chondroitine-complex-120t\/\",\"name\":\"Lamberts Glucosamine & phytodro\u00eftine complex\",\"isPartOf\":{\"@id\":\"https:\/\/www.curavitalis.nl\/webshop\/#website\"},\"primaryImageOfPage\":{\"@id\":\"https:\/\/www.curavitalis.nl\/webshop\/product\/lamberts-glucosamine-and-chondroitine-complex-120t\/#primaryimage\"},\"image\":{\"@id\":\"https:\/\/www.curavitalis.nl\/webshop\/product\/lamberts-glucosamine-and-chondroitine-complex-120t\/#primaryimage\"},\"thumbnailUrl\":\"https:\/\/www.curavitalis.nl\/webshop\/wp-content\/uploads\/nc\/catalog\/producten\/Lamberts\/Lamberts-glucosamine-phytodroitine-2-Cura-Vitalis.jpg\",\"datePublished\":\"2019-04-27T12:50:14+00:00\",\"dateModified\":\"2023-10-25T20:05:17+00:00\",\"description\":\"Lamberts Glucosamine &amp; phytodro\u00eftine complex. Vernieuwde plantaardige formule! Op voorraad bij Cura Vitalis | Online aanbieder van medicijnen\",\"breadcrumb\":{\"@id\":\"https:\/\/www.curavitalis.nl\/webshop\/product\/lamberts-glucosamine-and-chondroitine-complex-120t\/#breadcrumb\"},\"inLanguage\":\"nl-NL\",\"potentialAction\":[{\"@type\":\"ReadAction\",\"target\":[\"https:\/\/www.curavitalis.nl\/webshop\/product\/lamberts-glucosamine-and-chondroitine-complex-120t\/\"]}]},{\"@type\":\"ImageObject\",\"inLanguage\":\"nl-NL\",\"@id\":\"https:\/\/www.curavitalis.nl\/webshop\/product\/lamberts-glucosamine-and-chondroitine-complex-120t\/#primaryimage\",\"url\":\"https:\/\/www.curavitalis.nl\/webshop\/wp-content\/uploads\/nc\/catalog\/producten\/Lamberts\/Lamberts-glucosamine-phytodroitine-2-Cura-Vitalis.jpg\",\"contentUrl\":\"https:\/\/www.curavitalis.nl\/webshop\/wp-content\/uploads\/nc\/catalog\/producten\/Lamberts\/Lamberts-glucosamine-phytodroitine-2-Cura-Vitalis.jpg\",\"width\":710,\"height\":600,\"caption\":\"Lamberts Glucosamine & phytodro\u00eftine complex\"},{\"@type\":\"BreadcrumbList\",\"@id\":\"https:\/\/www.curavitalis.nl\/webshop\/product\/lamberts-glucosamine-and-chondroitine-complex-120t\/#breadcrumb\",\"itemListElement\":[{\"@type\":\"ListItem\",\"position\":1,\"name\":\"Home\",\"item\":\"https:\/\/www.curavitalis.nl\/webshop\/\"},{\"@type\":\"ListItem\",\"position\":2,\"name\":\"Webshop\",\"item\":\"https:\/\/www.curavitalis.nl\/webshop\/webshop\/\"},{\"@type\":\"ListItem\",\"position\":3,\"name\":\"Lamberts Glucosamine &#038; phytodro\u00eftine complex\"}]},{\"@type\":\"WebSite\",\"@id\":\"https:\/\/www.curavitalis.nl\/webshop\/#website\",\"url\":\"https:\/\/www.curavitalis.nl\/webshop\/\",\"name\":\"Cura Vitalis\",\"description\":\"Webshop\",\"publisher\":{\"@id\":\"https:\/\/www.curavitalis.nl\/webshop\/#organization\"},\"potentialAction\":[{\"@type\":\"SearchAction\",\"target\":{\"@type\":\"EntryPoint\",\"urlTemplate\":\"https:\/\/www.curavitalis.nl\/webshop\/?s={search_term_string}\"},\"query-input\":{\"@type\":\"PropertyValueSpecification\",\"valueRequired\":true,\"valueName\":\"search_term_string\"}}],\"inLanguage\":\"nl-NL\"},{\"@type\":\"Organization\",\"@id\":\"https:\/\/www.curavitalis.nl\/webshop\/#organization\",\"name\":\"Cura Vitalis\",\"url\":\"https:\/\/www.curavitalis.nl\/webshop\/\",\"logo\":{\"@type\":\"ImageObject\",\"inLanguage\":\"nl-NL\",\"@id\":\"https:\/\/www.curavitalis.nl\/webshop\/#\/schema\/logo\/image\/\",\"url\":\"https:\/\/www.curavitalis.nl\/webshop\/wp-content\/uploads\/2024\/10\/logo-curavitalis-small.png\",\"contentUrl\":\"https:\/\/www.curavitalis.nl\/webshop\/wp-content\/uploads\/2024\/10\/logo-curavitalis-small.png\",\"width\":350,\"height\":158,\"caption\":\"Cura Vitalis\"},\"image\":{\"@id\":\"https:\/\/www.curavitalis.nl\/webshop\/#\/schema\/logo\/image\/\"},\"sameAs\":[\"https:\/\/www.facebook.com\/curavitalisnl\"]}]}<\/script>\n<!-- \/ Yoast SEO plugin. -->","yoast_head_json":{"title":"Lamberts Glucosamine & phytodro\u00eftine complex","description":"Lamberts Glucosamine &amp; phytodro\u00eftine complex. Vernieuwde plantaardige formule! Op voorraad bij Cura Vitalis | Online aanbieder van medicijnen","robots":{"index":"index","follow":"follow","max-snippet":"max-snippet:-1","max-image-preview":"max-image-preview:large","max-video-preview":"max-video-preview:-1"},"canonical":"https:\/\/www.curavitalis.nl\/webshop\/product\/lamberts-glucosamine-and-chondroitine-complex-120t\/","og_locale":"nl_NL","og_type":"article","og_title":"Lamberts Glucosamine & phytodro\u00eftine complex","og_description":"Lamberts Glucosamine &amp; phytodro\u00eftine complex. Vernieuwde plantaardige formule! Op voorraad bij Cura Vitalis | Online aanbieder van medicijnen","og_url":"https:\/\/www.curavitalis.nl\/webshop\/product\/lamberts-glucosamine-and-chondroitine-complex-120t\/","og_site_name":"Cura Vitalis","article_publisher":"https:\/\/www.facebook.com\/curavitalisnl","article_modified_time":"2023-10-25T20:05:17+00:00","og_image":[{"width":710,"height":600,"url":"https:\/\/www.curavitalis.nl\/webshop\/wp-content\/uploads\/nc\/catalog\/producten\/Lamberts\/Lamberts-glucosamine-phytodroitine-2-Cura-Vitalis.jpg","type":"image\/jpeg"}],"twitter_card":"summary_large_image","twitter_misc":{"Geschatte leestijd":"2 minuten"},"schema":{"@context":"https:\/\/schema.org","@graph":[{"@type":"WebPage","@id":"https:\/\/www.curavitalis.nl\/webshop\/product\/lamberts-glucosamine-and-chondroitine-complex-120t\/","url":"https:\/\/www.curavitalis.nl\/webshop\/product\/lamberts-glucosamine-and-chondroitine-complex-120t\/","name":"Lamberts Glucosamine & phytodro\u00eftine complex","isPartOf":{"@id":"https:\/\/www.curavitalis.nl\/webshop\/#website"},"primaryImageOfPage":{"@id":"https:\/\/www.curavitalis.nl\/webshop\/product\/lamberts-glucosamine-and-chondroitine-complex-120t\/#primaryimage"},"image":{"@id":"https:\/\/www.curavitalis.nl\/webshop\/product\/lamberts-glucosamine-and-chondroitine-complex-120t\/#primaryimage"},"thumbnailUrl":"https:\/\/www.curavitalis.nl\/webshop\/wp-content\/uploads\/nc\/catalog\/producten\/Lamberts\/Lamberts-glucosamine-phytodroitine-2-Cura-Vitalis.jpg","datePublished":"2019-04-27T12:50:14+00:00","dateModified":"2023-10-25T20:05:17+00:00","description":"Lamberts Glucosamine &amp; phytodro\u00eftine complex. Vernieuwde plantaardige formule! Op voorraad bij Cura Vitalis | Online aanbieder van medicijnen","breadcrumb":{"@id":"https:\/\/www.curavitalis.nl\/webshop\/product\/lamberts-glucosamine-and-chondroitine-complex-120t\/#breadcrumb"},"inLanguage":"nl-NL","potentialAction":[{"@type":"ReadAction","target":["https:\/\/www.curavitalis.nl\/webshop\/product\/lamberts-glucosamine-and-chondroitine-complex-120t\/"]}]},{"@type":"ImageObject","inLanguage":"nl-NL","@id":"https:\/\/www.curavitalis.nl\/webshop\/product\/lamberts-glucosamine-and-chondroitine-complex-120t\/#primaryimage","url":"https:\/\/www.curavitalis.nl\/webshop\/wp-content\/uploads\/nc\/catalog\/producten\/Lamberts\/Lamberts-glucosamine-phytodroitine-2-Cura-Vitalis.jpg","contentUrl":"https:\/\/www.curavitalis.nl\/webshop\/wp-content\/uploads\/nc\/catalog\/producten\/Lamberts\/Lamberts-glucosamine-phytodroitine-2-Cura-Vitalis.jpg","width":710,"height":600,"caption":"Lamberts Glucosamine & phytodro\u00eftine complex"},{"@type":"BreadcrumbList","@id":"https:\/\/www.curavitalis.nl\/webshop\/product\/lamberts-glucosamine-and-chondroitine-complex-120t\/#breadcrumb","itemListElement":[{"@type":"ListItem","position":1,"name":"Home","item":"https:\/\/www.curavitalis.nl\/webshop\/"},{"@type":"ListItem","position":2,"name":"Webshop","item":"https:\/\/www.curavitalis.nl\/webshop\/webshop\/"},{"@type":"ListItem","position":3,"name":"Lamberts Glucosamine &#038; phytodro\u00eftine complex"}]},{"@type":"WebSite","@id":"https:\/\/www.curavitalis.nl\/webshop\/#website","url":"https:\/\/www.curavitalis.nl\/webshop\/","name":"Cura Vitalis","description":"Webshop","publisher":{"@id":"https:\/\/www.curavitalis.nl\/webshop\/#organization"},"potentialAction":[{"@type":"SearchAction","target":{"@type":"EntryPoint","urlTemplate":"https:\/\/www.curavitalis.nl\/webshop\/?s={search_term_string}"},"query-input":{"@type":"PropertyValueSpecification","valueRequired":true,"valueName":"search_term_string"}}],"inLanguage":"nl-NL"},{"@type":"Organization","@id":"https:\/\/www.curavitalis.nl\/webshop\/#organization","name":"Cura Vitalis","url":"https:\/\/www.curavitalis.nl\/webshop\/","logo":{"@type":"ImageObject","inLanguage":"nl-NL","@id":"https:\/\/www.curavitalis.nl\/webshop\/#\/schema\/logo\/image\/","url":"https:\/\/www.curavitalis.nl\/webshop\/wp-content\/uploads\/2024\/10\/logo-curavitalis-small.png","contentUrl":"https:\/\/www.curavitalis.nl\/webshop\/wp-content\/uploads\/2024\/10\/logo-curavitalis-small.png","width":350,"height":158,"caption":"Cura Vitalis"},"image":{"@id":"https:\/\/www.curavitalis.nl\/webshop\/#\/schema\/logo\/image\/"},"sameAs":["https:\/\/www.facebook.com\/curavitalisnl"]}]}},"_links":{"self":[{"href":"https:\/\/www.curavitalis.nl\/webshop\/wp-json\/wp\/v2\/product\/5867","targetHints":{"allow":["GET"]}}],"collection":[{"href":"https:\/\/www.curavitalis.nl\/webshop\/wp-json\/wp\/v2\/product"}],"about":[{"href":"https:\/\/www.curavitalis.nl\/webshop\/wp-json\/wp\/v2\/types\/product"}],"replies":[{"embeddable":true,"href":"https:\/\/www.curavitalis.nl\/webshop\/wp-json\/wp\/v2\/comments?post=5867"}],"wp:featuredmedia":[{"embeddable":true,"href":"https:\/\/www.curavitalis.nl\/webshop\/wp-json\/wp\/v2\/media\/5868"}],"wp:attachment":[{"href":"https:\/\/www.curavitalis.nl\/webshop\/wp-json\/wp\/v2\/media?parent=5867"}],"wp:term":[{"taxonomy":"product_cat","embeddable":true,"href":"https:\/\/www.curavitalis.nl\/webshop\/wp-json\/wp\/v2\/product_cat?post=5867"},{"taxonomy":"product_tag","embeddable":true,"href":"https:\/\/www.curavitalis.nl\/webshop\/wp-json\/wp\/v2\/product_tag?post=5867"}],"curies":[{"name":"wp","href":"https:\/\/api.w.org\/{rel}","templated":true}]}}